{"id":39,"date":"2014-09-01T10:36:19","date_gmt":"2014-09-01T08:36:19","guid":{"rendered":"https:\/\/afrikatour.nl\/benin\/?page_id=39"},"modified":"2017-01-11T12:44:33","modified_gmt":"2017-01-11T11:44:33","slug":"reisimpressies","status":"publish","type":"page","link":"https:\/\/afrikatour.nl\/benin\/reisimpressies\/","title":{"rendered":"Reisimpressies"},"content":{"rendered":"<h3 style=\"text-align: center;\"><a href=\"https:\/\/afrikatour.nl\/benin\/wp-content\/uploads\/sites\/20\/2014\/08\/Vlag-Benin.gif\"><img loading=\"lazy\" decoding=\"async\" class=\"alignleft size-full wp-image-33\" src=\"https:\/\/afrikatour.nl\/benin\/wp-content\/uploads\/sites\/20\/2014\/08\/Vlag-Benin.gif\" alt=\"Vlag Benin\" width=\"240\" height=\"180\" \/><\/a><strong>Benin Impressies 1<\/strong><\/h3>\n<h3>(zie ook het nagekomen bericht onderaan deze pagina)<\/h3>\n<table border=\"0\" width=\"915\">\n<tbody>\n<tr>\n<td width=\"338\" height=\"20\">Datum van aankomst:29 \u2013 01 \u2013 \u201803<\/td>\n<td width=\"204\" height=\"20\">\n<div align=\"center\">Datum van vertrek : ?<\/div>\n<\/td>\n<td width=\"359\" height=\"20\">\n<div align=\"right\">Kilometerstand reis : 16.800<\/div>\n<\/td>\n<\/tr>\n<tr>\n<td colspan=\"3\" height=\"20\">De route in Benin: Notse \u2013 Togo, Abomey, Dassa, Savalou, Bassila, Djougou, Natitingou, Parc Nationale de Pendjari, Parakou, Kandi, Niamey &#8211; Niger<\/td>\n<\/tr>\n<\/tbody>\n<\/table>\n<blockquote><p>Benin, een sprookjesland Savalou, Benin 31 januari 2003<\/p><\/blockquote>\n<p>&nbsp;<\/p>\n<p>In Benin is het net iets anders dan in de omringende landen. Tot nu toe krijgen wij nog weinig greep op het anders zijn. Maar we zijn dan ook nog maar drie dagen in dit land. Vergelijkingsmateriaal over hoe het vroeger was, hebben wij niet omdat Benin nooit eerder op ons reisprogramma heeft gestaan. Zeker is dat het over het algemeen minder vervuild is en men de bossen niet afbrandt. Sterker nog, er staat een behoorlijke gevangenisstraf op \u2018bushbranden\u2019. Dat maakt dat als je door het land rijdt de kleur groen de boventoon voert en dat is aangenaam voor het oog. De mensen en vooral de mannen dragen net iets meer gewaagde en gekleurde kleding dan in de rest van West-Afrika. Wij reizen in de tijd dat de \u2018harmattan\u2019, de hete, bruine woestijnwind op zijn laatste benen waait en de vochtigheid van het naderend regenseizoen zich aankondigt door dampige, grijze mist zodat het klam warm is met temperaturen van rond de vijfendertig graden. Dan nog te weten dat er twaalf koningen in dit niet al te grote land leven, allen met een roemrijk voorgeslacht en dito ontstaansgeschiedenis, maakt dat Benin een land uit een sprookje zou kunnen zijn. Het alom tegenwoordige verschijnsel van fetisj, voodoo en fantomen versterkt dit beeld.<\/p>\n<p>Er wordt opvallend hard gewerkt in dit land. De wegen worden verbeterd, overal ziet men nieuwe schoolgebouwtjes en de onderwijzers worden er ook nog betaald. Dit in tegenstelling tot het buurland Togo waar de leerkrachten nu al ruim een half jaar op hun salaris wachten en de ouders van de leerlingen hen van voedsel voorzien. Overal zijn veldjes waar voedsel verbouwd wordt zoals yam, cassave en ma\u00efs en naast deze \u2018food crop\u2019 ligt er in de dorpen de vers geplukte katoen als sneeuwhopen in de hete blakende zon. Vrachtwagens vervoeren deze \u2019cash crop\u2019 naar de grote steden en havens en geven de indruk dat Benin een welvarend land is maar schijn bedriegt. Ook Benin behoort tot de arme landen in Afrika.<\/p>\n<p>Om de vochtige warmte van de kust te ontlopen zijn we via het binnenland van Togo doorgestoken naar de oude hoofdstad Abomey van Dahomey, zoals vroeger Benin heette. Een bijna verplicht bezoek aan de koninklijke paleizen die nu dienst doen als nationaal museum en die op de lijst \u2018world heritage\u2019 van UNESCO staan, wordt ondanks de hitte afgewerkt. Veel van de daar tentoongestelde zaken is te zien op <a href=\"http:\/\/www.epa-prema.net\/abomeyGB\/index.html\" target=\"_blank\">de website van dit museum<\/a>. Het gebied van de paleizen moet in vroegere tijden een van de indrukwekkendste gebouwencomplexen zijn geweest van West-Afrika. Het eerste paleis is geconstrueerd in 1645 door de derde koning van Dahomey en iedere volgende koning van de Fon, zoals het volk hier heet, bouwde zijn eigen paleis er naast zodat in de negentiende eeuw het paleizencomplex een oppervlakte had van 40 hectaren, ommuurd door een wal van 10 meter hoog en 4 kilometer lang. Binnen deze muren woonden destijds 10.000 onderdanen.<\/p>\n<div id=\"attachment_40\" style=\"width: 160px\" class=\"wp-caption alignleft\"><a href=\"https:\/\/afrikatour.nl\/benin\/wp-content\/uploads\/sites\/20\/2014\/09\/katoen-en-mensen.jpg\"><img loading=\"lazy\" decoding=\"async\" aria-describedby=\"caption-attachment-40\" class=\"size-thumbnail wp-image-40\" src=\"https:\/\/afrikatour.nl\/benin\/wp-content\/uploads\/sites\/20\/2014\/09\/katoen-en-mensen-150x150.jpg\" alt=\"Katoen in de dorpen\" width=\"150\" height=\"150\" \/><\/a><p id=\"caption-attachment-40\" class=\"wp-caption-text\">Katoen in de dorpen<\/p><\/div>\n<div id=\"attachment_41\" style=\"width: 160px\" class=\"wp-caption alignleft\"><a href=\"https:\/\/afrikatour.nl\/benin\/wp-content\/uploads\/sites\/20\/2014\/09\/museum.jpg\"><img loading=\"lazy\" decoding=\"async\" aria-describedby=\"caption-attachment-41\" class=\"size-thumbnail wp-image-41\" src=\"https:\/\/afrikatour.nl\/benin\/wp-content\/uploads\/sites\/20\/2014\/09\/museum-150x150.jpg\" alt=\"Museum Benin\" width=\"150\" height=\"150\" \/><\/a><p id=\"caption-attachment-41\" class=\"wp-caption-text\">De koninklijke paleizen van weleer zijn nu nationaal museum<\/p><\/div>\n<div id=\"attachment_42\" style=\"width: 160px\" class=\"wp-caption alignleft\"><a href=\"https:\/\/afrikatour.nl\/benin\/wp-content\/uploads\/sites\/20\/2014\/09\/Yamveldmetdorp.jpg\"><img loading=\"lazy\" decoding=\"async\" aria-describedby=\"caption-attachment-42\" class=\"size-thumbnail wp-image-42\" src=\"https:\/\/afrikatour.nl\/benin\/wp-content\/uploads\/sites\/20\/2014\/09\/Yamveldmetdorp-150x150.jpg\" alt=\"Yamveldje voor het dorp\" width=\"150\" height=\"150\" \/><\/a><p id=\"caption-attachment-42\" class=\"wp-caption-text\">Yamveldje voor het dorp<\/p><\/div>\n<p>Een vergelijking met het <a href=\"https:\/\/afrikatour.nl\/europa\/alhambra\/\" target=\"_blank\"> Alhambra in Granada<\/a>, waar wij in september van het vorig jaar tijdens deze reis waren, ligt voor de hand. Helaas stamt het paleismuseum, dat nu toegankelijk is voor publiek, uit het jaar 1818 en bevat de paleizen van laatste twee grote koningen die daar leefden: Gh\u00e9zo en Gl\u00e9l\u00e9. Vluchtend voor de invasie van de Fransen in 1892, beval de zoon van Gl\u00e9l\u00e9, Behanzin, de 10de koning, dat de paleizen in brand gestoken moesten worden. Het resultaat was dat slechts een klein deel van het paleizencomplex bewaard bleef, bestaande uit binnenplaatsen, ruimtes voor ceremoni\u00ebn en de huizen waar de vrouwen van de koningen verbleven.<\/p>\n<p>Buiten het museum zijn de contouren te zien van wat ooit het gehele complex was. In de gebouwen, onder begeleiding van een sloffende gids die de sleutels draagt, de deuren voor je opent en de lichten ontsteekt, hebben wij de relikwie\u00ebn van de koningen aanschouwd. Zo zijn er de tronen van 11 van de 12 koningen van Dahomey. De laatste koning werd gezien als een marionet van de Franse overheersers en zijn onderdanen hebben derhalve zijn troon weggesmeten. Vooral de troon van koning Gh\u00e9zo maakt indruk omdat hij stoelt op vier schedels (geen echte) symboliserend de gevangen genomen vijanden. Achter de tronen hangen de geborduurde banieren met de symbolen en de soms bloedige heldendaden van de koninklijke families. In een ander gebouw laat men o.a. de wapens, de fetisj en het servies zien die deze heersers gebruikten en bij deze bonte verzameling valt op dat koning Gl\u00e9l\u00e9 voorzien was van 800 vrouwen. Met veel herkenning en tevredenheid aanschouwden wij het origineel van de panter Agassou waarover wij gewag maken in de introductie van de <a href=\"https:\/\/afrikatour.nl\/benin\/gegevens\">gegevens van Benin<\/a> en waarvan thuis in Amsterdam een kopie in brons prijkt.<\/p>\n<h3>Nagekomen bericht:<\/h3>\n<blockquote><p>Op 12 juni 2007 kregen wij de onderstaande email met twee foto&#8217;s van Claude Gbaguidi, de neef van de huidige koning van Savalou . Wij willen u dit bericht niet onthouden.<\/p><\/blockquote>\n<p>Guten Tag.<\/p>\n<p>Mein name ist Claude Gbaguidi. Ich bin ein enkel von k\u00f6nig von Savalou und m\u00f6chte nur sagen dass er nicht GOUMONDA heisst, sondern GOUMONAN: Also Dada Goumonan Gbaguidi.<\/p>\n<div id=\"attachment_44\" style=\"width: 160px\" class=\"wp-caption alignleft\"><a href=\"https:\/\/afrikatour.nl\/benin\/wp-content\/uploads\/sites\/20\/2014\/09\/Dada-Tossoh-Gbaguidi-der-13.jpg\"><img loading=\"lazy\" decoding=\"async\" aria-describedby=\"caption-attachment-44\" class=\"size-thumbnail wp-image-44\" src=\"https:\/\/afrikatour.nl\/benin\/wp-content\/uploads\/sites\/20\/2014\/09\/Dada-Tossoh-Gbaguidi-der-13-150x150.jpg\" alt=\"Dada Tossoh Gbaguidi\" width=\"150\" height=\"150\" \/><\/a><p id=\"caption-attachment-44\" class=\"wp-caption-text\">Dada Tossoh Gbaguidi de 13de. Huidige koning van Savalou<\/p><\/div>\n<div id=\"attachment_43\" style=\"width: 160px\" class=\"wp-caption alignleft\"><a href=\"https:\/\/afrikatour.nl\/benin\/wp-content\/uploads\/sites\/20\/2014\/09\/Grand-pere_Gbaguidi.jpg\"><img loading=\"lazy\" decoding=\"async\" aria-describedby=\"caption-attachment-43\" class=\"size-thumbnail wp-image-43\" src=\"https:\/\/afrikatour.nl\/benin\/wp-content\/uploads\/sites\/20\/2014\/09\/Grand-pere_Gbaguidi-150x150.jpg\" alt=\"Grand pere Gbaguidi\" width=\"150\" height=\"150\" \/><\/a><p id=\"caption-attachment-43\" class=\"wp-caption-text\">Dada Goumonan Gbaguidi &#8211; de koning van Savalou 1901 tot 1928<\/p><\/div>\n<p>Ich finde ihre unternehmen sehr gut und werde es sehr empfehlen. Zwei foto ist der Sohn von Dado Goumonan Gbaguidi also mein Vater. Der K\u00f6nig von Savalou Heute Heisst Dada Tossoh Gbaguidi der 13, und ist mein Onkel.<\/p>\n<p>Claude Gbaguidi<\/p>\n","protected":false},"excerpt":{"rendered":"<p>Benin Impressies 1 (zie ook het nagekomen bericht onderaan deze pagina) Datum van aankomst:29 \u2013 01 \u2013 \u201803 Datum van vertrek : ? Kilometerstand reis : 16.800 De route in Benin: Notse \u2013 Togo, Abomey, Dassa, Savalou, Bassila, Djougou, Natitingou, Parc Nationale de Pendjari, Parakou, Kandi, Niamey &#8211; Niger Benin, \u2026 <a class=\"continue-reading-link\" href=\"https:\/\/afrikatour.nl\/benin\/reisimpressies\/\">Lees verder<\/a><\/p>\n","protected":false},"author":1,"featured_media":0,"parent":0,"menu_order":0,"comment_status":"closed","ping_status":"open","template":"","meta":{"ngg_post_thumbnail":0,"footnotes":"","_links_to":"","_links_to_target":""},"class_list":["post-39","page","type-page","status-publish","hentry"],"_links":{"self":[{"href":"https:\/\/afrikatour.nl\/benin\/wp-json\/wp\/v2\/pages\/39","targetHints":{"allow":["GET"]}}],"collection":[{"href":"https:\/\/afrikatour.nl\/benin\/wp-json\/wp\/v2\/pages"}],"about":[{"href":"https:\/\/afrikatour.nl\/benin\/wp-json\/wp\/v2\/types\/page"}],"author":[{"embeddable":true,"href":"https:\/\/afrikatour.nl\/benin\/wp-json\/wp\/v2\/users\/1"}],"replies":[{"embeddable":true,"href":"https:\/\/afrikatour.nl\/benin\/wp-json\/wp\/v2\/comments?post=39"}],"version-history":[{"count":0,"href":"https:\/\/afrikatour.nl\/benin\/wp-json\/wp\/v2\/pages\/39\/revisions"}],"wp:attachment":[{"href":"https:\/\/afrikatour.nl\/benin\/wp-json\/wp\/v2\/media?parent=39"}],"curies":[{"name":"wp","href":"https:\/\/api.w.org\/{rel}","templated":true}]}}