{"id":13,"date":"2015-03-04T18:59:19","date_gmt":"2015-03-04T17:59:19","guid":{"rendered":"https:\/\/afrikatour.nl\/gabon\/?page_id=13"},"modified":"2017-09-07T21:37:07","modified_gmt":"2017-09-07T19:37:07","slug":"home","status":"publish","type":"page","link":"https:\/\/afrikatour.nl\/gabon\/","title":{"rendered":"Home"},"content":{"rendered":"<h3 style=\"text-align: center;\"><a href=\"https:\/\/afrikatour.nl\/gabon\/wp-content\/uploads\/sites\/62\/2015\/03\/Vlag-Gabon.gif\"><img loading=\"lazy\" decoding=\"async\" class=\"alignleft size-full wp-image-14\" src=\"https:\/\/afrikatour.nl\/gabon\/wp-content\/uploads\/sites\/62\/2015\/03\/Vlag-Gabon.gif\" alt=\"Vlag Gabon\" height=\"180\" width=\"240\"><\/a><strong>Gegevens van Gabon<\/strong><\/h3>\n<table width=\"73%\">\n<tbody>\n<tr>\n<td width=\"28%\"><strong>Geschiedenis<\/strong><\/p>\n<p>&nbsp;<\/td>\n<td rowspan=\"4\" width=\"70%\">Op 17 augustus 1960 werd Gabon onafhankelijk van Frankrijk. L\u00e9on M\u2019ba werd in 1961 het eerste Gabonese staatshoofd. Hij voerde een \u00e9\u00e9n-partij staat in, die door zijn opvolger El Hadj Bongo Ondimba werd doorgezet. Slechts leden van de <em>Parti D\u00e9mocratique Gabonais<\/em> (PDG) konden deelnemen aan verkiezingen. President Bongo werd in 1973, 1980, en 1986 \u2013 zonder enige tegenkandidaat \u2013 herkozen met 99% van de stemmen. Begin jaren tachtig uitte het verzet tegen het \u00e9\u00e9n-partij systeem zich in de oprichting van de <em>Mouvement de Redressement National<\/em> (Morena). Na couppogingen en stakingen werd in 1990 een nieuwe grondwet opgesteld, waarna de eerste verkiezingen, waaraan meerdere partijen deelnamen met een kleine meerderheid door de PDG werd gewonnen. Begin 1994 liet president Bongo de oppositie toe tot de regering. De oppositie, verenigd in het <em>Haute Conseil de R\u00e9sistance<\/em> (HCR), bereikte met de PDG overeenstemming in de &#8220;Akkoorden van Parijs&#8221; waarin democratisering en het houden van parlements &#8211; en gemeenteraadsverkiezingen vastgelegd werden. Parlementsverkiezingen worden uiteindelijk gehouden in 1996. De PDG behaalde een absolute meerderheid. Bij de gemeenteraadsverkiezingen in 1996 behaalde de oppositie in de hoofdstad de meerheid.<\/p>\n<p>In december 1998 behaalde president Omar Bongo bij de presidentsverkiezingen 66,6% van de stemmen. Tijdens parlementaire verkiezingen in December 2001heeft de partij van President Bongo weer een grote meerderheid behaald.Bongo, geboren op 30 december 1935, is daarmee het langst regerende staatshoofd in Afrika (hij is president sinds 1967). De PDG is begonnen om de oppositie een plaats te geven in de regering, een strategie van \u201cco-opting\u201d om de oppositie verdeeld te houden en wind uit de zeilen te nemen bij toekomstige verkiezingen. Voorbeelden hiervan zijn de benoeming van de heer Mba Abessole, leider van de belangrijkste oppositiepartij <em>Rassemblement pour le Gabon (RPG)<\/em> tot minister in het kabinet van Ntoutoume Emane \u00e9n het besluit van de RPG in 2004 zich aan te sluiten bij de presidentiele meerderheid van de heer Bongo.<\/p>\n<p>Op 27 november 2005 wint&nbsp;President <a href=\"http:\/\/en.wikipedia.org\/wiki\/Omar_Bongo\" target=\"_blank\" rel=\"noopener\">Omar Bongo<\/a>, met 79,2 % van de stemmen de Gabonese presidentiele verkiezingen voor een termijn van 7 jaar.<\/td>\n<\/tr>\n<tr>\n<td width=\"28%\">&nbsp;<\/td>\n<\/tr>\n<tr>\n<td width=\"28%\">&nbsp;<\/td>\n<\/tr>\n<tr>\n<td width=\"28%\">&nbsp;<\/td>\n<\/tr>\n<\/tbody>\n<\/table>\n<h3 style=\"text-align: center;\"><strong>Algemene gegevens<\/strong><\/h3>\n<table width=\"822\">\n<tbody>\n<tr>\n<td width=\"210\">Oppervlakte<\/td>\n<td width=\"602\">267.667 km2 (8 x Nederland)<\/td>\n<\/tr>\n<tr>\n<td width=\"210\">Hoofdstad<\/td>\n<td width=\"602\">Libreville<\/td>\n<\/tr>\n<tr>\n<td width=\"210\">Inwonertal<\/td>\n<td width=\"602\">1,3 miljoen (2003)<\/td>\n<\/tr>\n<tr>\n<td width=\"210\">Bevolkingsdichtheid<\/td>\n<td width=\"602\">4,9 inwoners per km2<\/td>\n<\/tr>\n<tr>\n<td width=\"210\">Godsdienst<\/td>\n<td width=\"602\">Christelijk (60%), inheemse godsdiensten (40%), islamitisch (minder dan 1%)<\/td>\n<\/tr>\n<tr>\n<td width=\"210\">Taal<\/td>\n<td width=\"602\">Frans, Fang, Myene, Bat\u00e9k\u00e9, Bapounou, Bandjabi<\/td>\n<\/tr>\n<tr>\n<td width=\"210\">Nationale feestdag(en)<\/td>\n<td width=\"602\">17 augustus (onafhankelijkheidsdag), 12 maart (oprichting PDG)<\/td>\n<\/tr>\n<tr>\n<td width=\"210\">Klimatologische gesteldheid<\/td>\n<td width=\"602\">Tropisch<\/td>\n<\/tr>\n<\/tbody>\n<\/table>\n<h3 style=\"text-align: center;\"><strong>Staatkundige gegevens<\/strong><\/h3>\n<table width=\"818\">\n<tbody>\n<tr>\n<td width=\"210\">Staatshoofd<\/td>\n<td width=\"598\">President El Hadj Omar Bongo Ondimba (sinds december 1967)<\/td>\n<\/tr>\n<tr>\n<td width=\"210\">Premier<\/td>\n<td width=\"598\">Premier Jean-Fran\u00e7ois Ntoutoume-Emane<\/td>\n<\/tr>\n<tr>\n<td width=\"210\">Minister van Buitenlandse Zaken<\/td>\n<td width=\"598\">Jean Ping<\/td>\n<\/tr>\n<tr>\n<td width=\"210\">Minister van Economische Zaken<\/td>\n<td width=\"598\">Paul Toungui<\/td>\n<\/tr>\n<tr>\n<td width=\"210\">Staatsvorm<\/td>\n<td width=\"598\">Republiek<\/td>\n<\/tr>\n<tr>\n<td width=\"210\">Parlement<\/td>\n<td width=\"598\">Nationale Vergadering (120 leden, gekozen middels directe verkiezingen) en de Senaat (91 leden)<\/td>\n<\/tr>\n<\/tbody>\n<\/table>\n<p>&nbsp;<\/p>\n<table width=\"815\">\n<tbody>\n<tr>\n<td width=\"210\">&nbsp;<\/td>\n<td width=\"595\">Sedert de onafhankelijkheid is Gabon een republiek. De grondwet van 1991, die in 1995 is gewijzigd, voorziet in de verkiezing van een president voor een termijn van 5 jaar, met eenmalige herverkiezing. In 1996&nbsp; is deze termijn verlengd tot 7 jaar. Ook het meerpartijenstelsel is in de grondwet vastgelegd. Tevens garandeert de grondwet individuele en burgervrijheden.<\/p>\n<p>De premier wordt, evenals de overige leden van het kabinet, benoemd door de president. De uitvoerende macht berust bij de president en de ministerraad. De wetgevende macht is in handen van de president en van het 120 leden tellende parlement, die voor een periode van vijf jaar gekozen worden. Een aantal raden ziet toe op de naleving van de in de grondwet vastgelegde wetten, de mensenrechten en persvrijheid.<\/p>\n<p>De volgende presidentsverkiezingen staan gepland voor december 2005. In december 2006 vinden de volgende parlementsverkiezingen plaats.<\/td>\n<\/tr>\n<\/tbody>\n<\/table>\n<h3 style=\"text-align: center;\"><strong>Demografische gegevens<\/strong><\/h3>\n<table width=\"811\">\n<tbody>\n<tr>\n<td width=\"210\">Natuurlijke bevolkingsgroei<\/td>\n<td width=\"591\">2,9% (1975-2002), 1,8% (2002-2015)<\/td>\n<\/tr>\n<tr>\n<td width=\"210\">Geboorten (per 1000 inwoners)<\/td>\n<td width=\"591\">36,4 (2004, per 1000 inwoners, schatting CIA)<\/td>\n<\/tr>\n<tr>\n<td width=\"210\">Overlijdens (per 1000 inwoners)<\/td>\n<td width=\"591\">11,4 (2004, per 1000 inwoners, schatting CIA)<\/td>\n<\/tr>\n<tr>\n<td width=\"210\">Levensverwachting<\/td>\n<td width=\"591\">57,6 (v) &#8211; 55,7 (m) (2002)<\/td>\n<\/tr>\n<\/tbody>\n<\/table>\n<h3 style=\"text-align: center;\"><strong>Economische gegevens<\/strong><\/h3>\n<table width=\"802\">\n<tbody>\n<tr>\n<td width=\"200\">BBP<\/td>\n<td width=\"592\">US$ 7,8 miljard (2003, schatting EIU)<\/td>\n<\/tr>\n<tr>\n<td width=\"200\">Economische groei<\/td>\n<td width=\"592\">1,8% (2003, schatting EIU), 0,2% (2002), 2,5% (2001)<\/td>\n<\/tr>\n<tr>\n<td width=\"200\">BBP per capita<\/td>\n<td width=\"592\">US$ 3.780 (2002)<\/td>\n<\/tr>\n<tr>\n<td width=\"200\">Inflatie<\/td>\n<td width=\"592\">3,5% (2003) ,0,2% (2002), 2,1% (2001)<\/td>\n<\/tr>\n<tr>\n<td width=\"200\">Beroepsbevolking per sector<\/td>\n<td width=\"592\">Landbouw en visserij (60%), Industrie en diensten (15%) Overheid 25% (CIA World Factbook)<\/td>\n<\/tr>\n<tr>\n<td width=\"200\">Werkloosheid<\/td>\n<td width=\"592\">21% (1997, schatting CIA World Factbook)<\/td>\n<\/tr>\n<tr>\n<td width=\"200\">Uitvoer<\/td>\n<td width=\"592\">US$ 2.995 miljoen (2003, schatting EIU)<\/td>\n<\/tr>\n<tr>\n<td width=\"200\">&#8211; belangrijke producten<\/td>\n<td width=\"592\">Petroleum, hout, mangaan<\/td>\n<\/tr>\n<tr>\n<td width=\"200\">&#8211; belangrijkste partners<\/td>\n<td width=\"592\">Verenigde Staten, Frankrijk, China, Trinidad &amp; Tobago<\/td>\n<\/tr>\n<tr>\n<td width=\"200\">Invoer<\/td>\n<td width=\"592\">US$ 1.076 miljoen (2003, schatting EIU)<\/td>\n<\/tr>\n<tr>\n<td width=\"200\">&#8211; belangrijke producten<\/td>\n<td width=\"592\">Consumptiegoederen, voeding, machines en machineonderdelen<\/td>\n<\/tr>\n<tr>\n<td width=\"200\">&#8211; belangrijkste partners<\/td>\n<td width=\"592\">Frankrijk, Verenigde Staten, Nederland, Verenigd Koninkrijk<\/td>\n<\/tr>\n<tr>\n<td width=\"200\">Valuta<\/td>\n<td width=\"592\">CFA franc (CFAfr)<\/td>\n<\/tr>\n<tr>\n<td width=\"200\">Buitenlandse schuld<\/td>\n<td width=\"592\">US$ 3,4 miljoen (2003, schatting EIU)<\/td>\n<\/tr>\n<tr>\n<td width=\"200\">Debt-service ratio<\/td>\n<td width=\"592\">8,8% (2003, schatting EIU)<\/td>\n<\/tr>\n<tr>\n<td width=\"200\">Saldo handelsbalans<\/td>\n<td width=\"592\">US$ 1919 miljoen (overschot, 2003)<\/td>\n<\/tr>\n<tr>\n<td width=\"200\">Lopende rekening betalingsbalans<\/td>\n<td width=\"592\">US$ 30 miljoen (tekort, 2003)<\/td>\n<\/tr>\n<\/tbody>\n<\/table>\n<h3 style=\"text-align: center;\"><strong>Economische situatie<\/strong><\/h3>\n<table width=\"793\">\n<tbody>\n<tr>\n<td width=\"787\">Gabon is na Nigeria en Angola de derde olieproducent van Afrika. Bijna tweederde van de overheidsinkomsten is afkomstig uit de oliewinning. De productie liep vanaf de &#8217;70 jaren sterk op maar stagneerde in de tweede helft van de &#8217;90 jaren. De olievoorraad neemt af en de vooruitzichten voor de toekomst zijn derhalve niet gunstig. Olierijkdom en een relatief kleine bevolking maken dat Gabon&nbsp; een van de hoogste inkomens per capita op het continent (USD 3.780 in 2002) heeft. De rijkdom is echter onevenwichtig verdeeld. M.n. op het platteland is de armoede hoog en ontbreekt het aan de meest elementaire voorzieningen. De afhankelijkheid van olie maakt de economie ook kwetsbaar.<\/p>\n<p>Andere belangrijke sectoren in de economie zijn bosbouw en mijnbouw (mangaan en uranium). Het aandeel van de mijnsector in de export is echter beperkt. E\u00e9n van de zwakste sectoren van de Gabonese economie is de landbouw. Het land is sterk afhankelijk van voedselimporten. Ook de visserij zou meer benut kunnen worden.<\/p>\n<p>De aanzienlijke olie-inkomsten in de jaren &#8217;70 moedigden Gabon aan op grote schaal te investeren in prestigieuze projecten als de <em>Transgabonais Railway<\/em> en congresgebouwen. Ook het overheidsapparaat werd sterk uitgebreid. Toen de olieproductie echter daalde, bleef Gabon achter met een torenhoge schuld en was gedwongen de hervormingsprogramma&#8217;s van het IMF uit te voeren. Daaraan werd aanvankelijk maar traag voldaan. In 2003 heeft Gabon zijn verbeteringen aangebracht in het financieel beleid van de overheid en de transparantie en het anti-corruptiebeleid, waardoor ondersteuning via IMF weer tot een mogelijkheid behoorde. Deze IMF programma\u2019s gecombineerd met afnemende olieopbrengsten zullen het echter voor Bongo moeilijk maken om zijn patronage-netwerken te onderhouden.<\/td>\n<\/tr>\n<\/tbody>\n<\/table>\n<h3 style=\"text-align: center;\"><strong>Ontwikkelingsrelevante indicatoren<\/strong><\/h3>\n<table width=\"806\">\n<tbody>\n<tr>\n<td width=\"290\">Groeisectoren<\/td>\n<td width=\"506\">Hout en visserij<\/td>\n<\/tr>\n<tr>\n<td width=\"290\">Energiesituatie<\/td>\n<td width=\"506\">Geen gegevens<\/td>\n<\/tr>\n<tr>\n<td width=\"290\">Human development index<\/td>\n<td width=\"506\">0,648 (2002, 122e plaats van in totaal 177)<\/td>\n<\/tr>\n<tr>\n<td width=\"290\">Human poverty index<\/td>\n<td width=\"506\">Niet beschikbaar<\/td>\n<\/tr>\n<tr>\n<td width=\"290\">Gender-related development index<\/td>\n<td width=\"506\">Niet beschikbaar<\/td>\n<\/tr>\n<tr>\n<td width=\"290\">% inwoners dat leeftijd van 40 niet haalt<\/td>\n<td width=\"506\">28,1% (2000-2005)<\/td>\n<\/tr>\n<tr>\n<td width=\"290\">% volwassenen met HIV\/AIDS<\/td>\n<td width=\"506\">8,1% (2003)<\/td>\n<\/tr>\n<tr>\n<td width=\"290\">Alfabetisering<\/td>\n<td width=\"506\">Niet beschikbaar<\/td>\n<\/tr>\n<tr>\n<td width=\"290\">% mensen met toegang tot veilig drinkwater<\/td>\n<td width=\"506\">86% (2000)<\/td>\n<\/tr>\n<tr>\n<td width=\"290\">% mensen met toegang tot essenti\u00eble medicijnen<\/td>\n<td width=\"506\">0-49% (1999)<\/td>\n<\/tr>\n<tr>\n<td width=\"290\">% kinderen tot 5 jaar met ondergewicht<\/td>\n<td width=\"506\">12% (1995-2002)<\/td>\n<\/tr>\n<\/tbody>\n<\/table>\n<h3 style=\"text-align: center;\"><strong>Binnenlandse politiek<\/strong><\/h3>\n<table width=\"68%\">\n<tbody>\n<tr>\n<td width=\"98%\">Sinds de oprichting in 1968 speelt de partij van Bongo, de <em>Parti D\u00e9mocratique Gabonais<\/em> (PDG) een hoofdrol. Overige politieke partijen zijn de Union du Peuple Gabonais (UPG); Parti Gabonais du Progr\u00e8s (PGP); Rassemblement pour le Gabon (RPG) en de Parti Social d\u00e9mocrate (PSD).<\/p>\n<h3 style=\"text-align: center;\"><strong>Sociale situatie<\/strong><\/h3>\n<p>De ongeveer 1.3 miljoen tellende bevolking is verdeeld over ruim 40 verschillende etnische groeperingen. Daarnaast wonen er circa 150.000 buitenlanders van Afrikaanse en ook Europese afkomst. Etnische ongelijkheden spelen een belangrijke rol in de binnenlandse politiek. President Bongo heeft politieke spanningen tussen de verschillende groeperingen tot nu toe weten te voorkomen door belangrijke posten over verschillende etnische groepen te verdelen.<\/p>\n<p>De sociale indicatoren van Gabon staan niet in verhouding tot het inkomen per hoofd van de bevolking.<\/td>\n<\/tr>\n<\/tbody>\n<\/table>\n<h3 style=\"text-align: center;\"><strong>Mensenrechten<\/strong><\/h3>\n<table width=\"67%\">\n<tbody>\n<tr>\n<td width=\"98%\">Onder het bewind van President Bongo hebben zich geen uitwassen op het gebied van mensenrechten voorgedaan.<\/p>\n<p>Hoewel de meeste van de onafhankelijke kranten en weekbladen bij tijd en wijle kritiek uitten op de overheid wordt de media duidelijk door de overheid gecontroleerd. Zo werden in 2002 de krant <em>Misamu<\/em> en het satirisch blad <em>Gabaon<\/em> (tijdelijk) door de overheid gedwongen te sluiten. Misamu, dat de overheid van corruptie beschuldigd is sindsdien niet meer in omloop.<\/p>\n<p>De houding van de Gabonese autoriteiten en van de bevolking jegens de vele Afrikaanse gastarbeiders is moeizaam. De huidige economische achteruitgang is daaraan mede debet.<\/td>\n<\/tr>\n<\/tbody>\n<\/table>\n<h3 style=\"text-align: center;\"><strong>Buitenlands beleid en veiligheidsbeleid<\/strong><\/h3>\n<table width=\"66%\">\n<tbody>\n<tr>\n<td width=\"98%\">Betrekkingen met Frankrijk zijn nog steeds van groot belang voor Gabon. Ondanks pogingen van de Gabonese regering om haar traditionele en bijna totale afhankelijkheid van Frankrijk te wijzigen, door actief toegang te zoeken tot andere landen als de VS, Canada, Arabische landen en buurlanden, blijven de Franse belangen in Gabon aanzienlijk. Gabon is Frankrijk\u2019s partner om stabiliteit in Centraal Afrika te bevorderen. Er bevinden zich 600 Franse soldaten in Libreville.<\/p>\n<p>In 2002 kwam over corruptie van Franse oliemaatschappij Elf en de overheid van Gabon aan het licht. Het ging over omkopingen van leden van de regering door oliemaatschappijen.&nbsp; Sinds januari 2003 loopt hierover een rechtzaak in Parijs.<\/p>\n<p>Gabon mag zich ook verheugen in grote belangstelling van de VS vanwege de oliebronnen.<\/p>\n<p>Sinds 1972 betwisten Gabon en Equatoriaal Guinee het potentieel olierijk eilandje Mbani\u00e9. Bongo heeft gezamenlijke exploitatie van de olie voorgesteld, wat is afgewezen door Equatoriaal Guinee. Spanningen zijn sindsdien wel verminderd. In januari 2004 zijn Gabon en Equatoriaal Guinee akkoord gegaan met VN-bemiddeling rond deze kwestie.<\/p>\n<p>Gabon onderhoudt intensieve banden met de islamitische wereld, de Volksrepubliek China en Zuid-Afrika. Gabon&#8217;s politiek van diversificatie wordt beperkt door zijn lidmaatschap van de Zone Franc en de <em>Communit\u00e9 Economique et Mon\u00e9taire d&#8217; Afrique Central (CEMAC)<\/em>. Gabons is \u00e9\u00e9n van de zes landen die de regionale douane-unie <em>Union Douani\u00e8re des Etats de l&#8217;Afrique Centrale <span style=\"text-decoration: underline;\">(UDEAC<\/span>)<\/em> vormen.<\/p>\n<p>In de Centraal Afrikaanse regio vervult president Omar Bongo in zekere zin de rol van &#8216;elder statesman&#8217;. Hij was in 1997 betrokken bij de onderhandelingen over een staakt-het-vuren tussen regering en muitende militairen in de Centraal Afrikaanse Republiek. Ook voor oplossing van het conflict in de Democratische Republiek Congo stelde hij zich actief op.<\/p>\n<p>In 2003 nam Gabon het leiderschap op zich van een CEMAC vredesmissie in de Centraal Afrikaanse Republiek.<\/td>\n<\/tr>\n<\/tbody>\n<\/table>\n","protected":false},"excerpt":{"rendered":"<p>Gegevens van Gabon Geschiedenis &nbsp; Op 17 augustus 1960 werd Gabon onafhankelijk van Frankrijk. L\u00e9on M\u2019ba werd in 1961 het eerste Gabonese staatshoofd. Hij voerde een \u00e9\u00e9n-partij staat in, die door zijn opvolger El Hadj Bongo Ondimba werd doorgezet. Slechts leden van de Parti D\u00e9mocratique Gabonais (PDG) konden deelnemen aan \u2026 <a class=\"continue-reading-link\" href=\"https:\/\/afrikatour.nl\/gabon\/\">Lees verder<\/a><\/p>\n","protected":false},"author":1,"featured_media":0,"parent":0,"menu_order":0,"comment_status":"closed","ping_status":"closed","template":"","meta":{"ngg_post_thumbnail":0,"footnotes":"","_links_to":"","_links_to_target":""},"class_list":["post-13","page","type-page","status-publish","hentry"],"_links":{"self":[{"href":"https:\/\/afrikatour.nl\/gabon\/wp-json\/wp\/v2\/pages\/13","targetHints":{"allow":["GET"]}}],"collection":[{"href":"https:\/\/afrikatour.nl\/gabon\/wp-json\/wp\/v2\/pages"}],"about":[{"href":"https:\/\/afrikatour.nl\/gabon\/wp-json\/wp\/v2\/types\/page"}],"author":[{"embeddable":true,"href":"https:\/\/afrikatour.nl\/gabon\/wp-json\/wp\/v2\/users\/1"}],"replies":[{"embeddable":true,"href":"https:\/\/afrikatour.nl\/gabon\/wp-json\/wp\/v2\/comments?post=13"}],"version-history":[{"count":0,"href":"https:\/\/afrikatour.nl\/gabon\/wp-json\/wp\/v2\/pages\/13\/revisions"}],"wp:attachment":[{"href":"https:\/\/afrikatour.nl\/gabon\/wp-json\/wp\/v2\/media?parent=13"}],"curies":[{"name":"wp","href":"https:\/\/api.w.org\/{rel}","templated":true}]}}