{"id":54,"date":"2014-08-16T16:18:23","date_gmt":"2014-08-16T14:18:23","guid":{"rendered":"https:\/\/afrikatour.nl\/marokko\/?page_id=54"},"modified":"2016-12-21T02:47:09","modified_gmt":"2016-12-21T01:47:09","slug":"mon-coeur-est-ferme","status":"publish","type":"page","link":"https:\/\/afrikatour.nl\/marokko\/mon-coeur-est-ferme\/","title":{"rendered":"Mon coeur est ferm\u00e9"},"content":{"rendered":"<p><a href=\"https:\/\/afrikatour.nl\/marokko\/wp-content\/uploads\/sites\/5\/2014\/08\/Vlag-Marokko.gif\"><img loading=\"lazy\" decoding=\"async\" src=\"https:\/\/afrikatour.nl\/marokko\/wp-content\/uploads\/sites\/5\/2014\/08\/Vlag-Marokko.gif\" alt=\"Vlag Marokko\" width=\"240\" height=\"180\" class=\"alignleft size-full wp-image-229\" \/><\/a><\/p>\n<p align=\"center\">Gedicht, opgedragen aan de vrouwen van de Hoge Atlas<\/p>\n<div align=\"center\">uit: ATLASIENNES, D&#8217;AMOUR ET DE PAIX<br \/>\nuitgave: AMAEF, Association Marocaine d&#8217;Aide \u00e0 l&#8217;Enfant et \u00e0 le Famille<br \/>\nVertaling uit het Amazighe : Youssef Ait Lemkadem<\/p>\n<h1 align=\"center\">Mon coeur est ferm\u00e9,<\/h1>\n<p align=\"center\">Tu en es la serrure c\u00e9leste<br \/>\nTu en es l&#8217;admirable myst\u00e8re.<\/p>\n<h1 align=\"center\">Mon coeur est ferm\u00e9,<\/h1>\n<p align=\"center\">Ruche par ses abeilles desert\u00e9e<br \/>\nOu foyer froid aux flammes \u00e9vanouies<\/p>\n<h1 align=\"center\">Mon coeur est ferm\u00e9,<\/h1>\n<p align=\"center\">Grotte aux vieux tissages d&#8217;araign\u00e9es<br \/>\nLit dess\u00e9ch\u00e9 par la rivi\u00e8re folle d\u00e9laiss\u00e9<\/p>\n<h1 align=\"center\">Mon coeur est ferm\u00e9,<\/h1>\n<p align=\"center\">Ton sourire en est la lumi\u00e8re<br \/>\nEt ta tendresse la clef.<br \/>\n<\/center><\/div>\n","protected":false},"excerpt":{"rendered":"<p>Gedicht, opgedragen aan de vrouwen van de Hoge Atlas uit: ATLASIENNES, D&#8217;AMOUR ET DE PAIX uitgave: AMAEF, Association Marocaine d&#8217;Aide \u00e0 l&#8217;Enfant et \u00e0 le Famille Vertaling uit het Amazighe : Youssef Ait Lemkadem Mon coeur est ferm\u00e9, Tu en es la serrure c\u00e9leste Tu en es l&#8217;admirable myst\u00e8re. Mon &hellip;<\/p>\n","protected":false},"author":1,"featured_media":0,"parent":0,"menu_order":0,"comment_status":"closed","ping_status":"open","template":"","meta":{"ngg_post_thumbnail":0,"footnotes":"","_links_to":"","_links_to_target":""},"class_list":["post-54","page","type-page","status-publish","hentry"],"_links":{"self":[{"href":"https:\/\/afrikatour.nl\/marokko\/wp-json\/wp\/v2\/pages\/54","targetHints":{"allow":["GET"]}}],"collection":[{"href":"https:\/\/afrikatour.nl\/marokko\/wp-json\/wp\/v2\/pages"}],"about":[{"href":"https:\/\/afrikatour.nl\/marokko\/wp-json\/wp\/v2\/types\/page"}],"author":[{"embeddable":true,"href":"https:\/\/afrikatour.nl\/marokko\/wp-json\/wp\/v2\/users\/1"}],"replies":[{"embeddable":true,"href":"https:\/\/afrikatour.nl\/marokko\/wp-json\/wp\/v2\/comments?post=54"}],"version-history":[{"count":0,"href":"https:\/\/afrikatour.nl\/marokko\/wp-json\/wp\/v2\/pages\/54\/revisions"}],"wp:attachment":[{"href":"https:\/\/afrikatour.nl\/marokko\/wp-json\/wp\/v2\/media?parent=54"}],"curies":[{"name":"wp","href":"https:\/\/api.w.org\/{rel}","templated":true}]}}