{"id":57,"date":"2014-08-20T15:21:12","date_gmt":"2014-08-20T13:21:12","guid":{"rendered":"https:\/\/afrikatour.nl\/mauritanie\/?page_id=57"},"modified":"2026-01-19T00:12:09","modified_gmt":"2026-01-18T23:12:09","slug":"links","status":"publish","type":"page","link":"https:\/\/afrikatour.nl\/mauritanie\/links\/","title":{"rendered":"Links"},"content":{"rendered":"<p><a href=\"https:\/\/afrikatour.nl\/mauritanie\/wp-content\/uploads\/sites\/9\/2014\/08\/mauritanie.gif\"><img loading=\"lazy\" decoding=\"async\" class=\"alignleft size-full wp-image-30\" src=\"https:\/\/afrikatour.nl\/mauritanie\/wp-content\/uploads\/sites\/9\/2014\/08\/mauritanie.gif\" alt=\"Vlag Mauritanie\" width=\"205\" height=\"148\"><\/a><\/p>\n<h3 style=\"text-align: center;\"><strong>&nbsp;Nuttige links m.b.t. Mauritani\u00eb<\/strong><\/h3>\n<table width=\"811\">\n<tbody>\n<tr>\n<td width=\"213\"><a href=\"http:\/\/ds1.nl\/c\/?wi=237782&amp;si=6419&amp;li=1306685&amp;ws=afrikatour-mauritanie\" target=\"_blank\" rel=\"noopener\"><strong>Reisvaccinaties<\/strong><\/a><\/td>\n<td colspan=\"2\" width=\"590\">Reizen is leuk, zeker als de medische risico&#8217;s klein kunnen worden gehouden. Inenten en medische risico&#8217;s klein houden is daarom belangrijk.<\/td>\n<\/tr>\n<tr>\n<td width=\"213\"><a href=\"http:\/\/www.weeronline.nl\/Afrika\/Mauretanie\/27\" target=\"_blank\" rel=\"noopener\"><strong>Weeronline.nl<\/strong><\/a><\/td>\n<td colspan=\"2\" width=\"590\">Het weer in Mauritani\u00eb<\/td>\n<\/tr>\n<tr>\n<td width=\"213\"><a href=\"http:\/\/www.hrw.org\/africa\/mauritania\" target=\"_blank\" rel=\"noopener\"><strong>Human Rights Watch<\/strong><\/a><\/td>\n<td colspan=\"2\" width=\"590\">Mauritania<\/td>\n<\/tr>\n<tr>\n<td width=\"213\"><strong><a href=\"http:\/\/mauritanie.startpagina.nl\/\">Mauritanie.startpagina.nl<\/a><\/strong><\/td>\n<td colspan=\"2\" width=\"590\">Veel links over Mauritani\u00eb<\/td>\n<\/tr>\n<tr>\n<td width=\"213\"><a href=\"http:\/\/www.africaguide.com\/country\/mauritan\/index.htm\"><strong>Africa Guide<\/strong><\/a><\/td>\n<td colspan=\"2\" width=\"590\">Mauritani\u00ebpagina van Africaguide<\/td>\n<\/tr>\n<tr>\n<td width=\"213\"><a href=\"http:\/\/www.amnesty.org\/en\/region\/mauritania\" target=\"_blank\" rel=\"noopener\"><strong>Amnesty International<\/strong><\/a><\/td>\n<td colspan=\"2\" width=\"590\">De Mauritani\u00ebpagina van de site van Amnesty&nbsp;International<\/td>\n<\/tr>\n<tr>\n<td width=\"213\"><a href=\"http:\/\/saharaoverland.wordpress.com\/routes\/\" target=\"_blank\" rel=\"noopener\"><strong>Sahara overland<\/strong><\/a><\/td>\n<td colspan=\"2\" width=\"590\">Info over de transsahara-route Marokko &#8211; Mauritani\u00eb<\/td>\n<\/tr>\n<tr>\n<td width=\"213\"><strong><a href=\"http:\/\/www.rijksoverheid.nl\/onderwerpen\/reisadviezen\/mauritanie\" target=\"_blank\" rel=\"noopener\">Minbuza.nl\/mauritanie<\/a><\/strong><\/td>\n<td colspan=\"2\" width=\"590\">Reisadvies van het ministerie van Buitenlandse Zaken<\/td>\n<\/tr>\n<tr>\n<td width=\"213\"><strong><a href=\"http:\/\/www.landenkompas.nl\/mauritanie\">Landenkompas.nl\/mauritanie<\/a><\/strong><\/td>\n<td colspan=\"2\" width=\"590\">Veel informatie over Mauritani\u00eb van landenkompas<\/td>\n<\/tr>\n<tr>\n<td width=\"213\"><strong><a href=\"http:\/\/www.tiviski.com\">Tiviski.com<\/a><\/strong><\/td>\n<td colspan=\"2\" width=\"590\">TIVISKI is a small dairy in Mauritania<\/td>\n<\/tr>\n<tr>\n<td width=\"213\"><strong><a href=\"http:\/\/www.amsterdam-dakar.com\/\" target=\"_blank\" rel=\"noopener\">Amsterdam-Dakar.com<\/a><\/strong><\/td>\n<td colspan=\"2\" width=\"590\">De Amsterdam-Dakar, de barrelrally<\/td>\n<\/tr>\n<tr>\n<td width=\"213\"><a href=\"http:\/\/www.the153club.org\/\" target=\"_blank\" rel=\"noopener\"><strong>The 153 Club<\/strong><\/a><\/td>\n<td colspan=\"2\" width=\"590\">The 153 Club is for Sahara Desert travellers<\/td>\n<\/tr>\n<\/tbody>\n<\/table>\n","protected":false},"excerpt":{"rendered":"<p>&nbsp;Nuttige links m.b.t. Mauritani\u00eb Reisvaccinaties Reizen is leuk, zeker als de medische risico&#8217;s klein kunnen worden gehouden. Inenten en medische risico&#8217;s klein houden is daarom belangrijk. Weeronline.nl Het weer in Mauritani\u00eb Human Rights Watch Mauritania Mauritanie.startpagina.nl Veel links over Mauritani\u00eb Africa Guide Mauritani\u00ebpagina van Africaguide Amnesty International De Mauritani\u00ebpagina van\u2026 <a class=\"continue-reading-link\" href=\"https:\/\/afrikatour.nl\/mauritanie\/links\/\">Lees verder<\/a><\/p>\n","protected":false},"author":1,"featured_media":0,"parent":0,"menu_order":0,"comment_status":"closed","ping_status":"open","template":"","meta":{"ngg_post_thumbnail":0,"footnotes":"","_links_to":"","_links_to_target":""},"class_list":["post-57","page","type-page","status-publish","hentry"],"_links":{"self":[{"href":"https:\/\/afrikatour.nl\/mauritanie\/wp-json\/wp\/v2\/pages\/57","targetHints":{"allow":["GET"]}}],"collection":[{"href":"https:\/\/afrikatour.nl\/mauritanie\/wp-json\/wp\/v2\/pages"}],"about":[{"href":"https:\/\/afrikatour.nl\/mauritanie\/wp-json\/wp\/v2\/types\/page"}],"author":[{"embeddable":true,"href":"https:\/\/afrikatour.nl\/mauritanie\/wp-json\/wp\/v2\/users\/1"}],"replies":[{"embeddable":true,"href":"https:\/\/afrikatour.nl\/mauritanie\/wp-json\/wp\/v2\/comments?post=57"}],"version-history":[{"count":1,"href":"https:\/\/afrikatour.nl\/mauritanie\/wp-json\/wp\/v2\/pages\/57\/revisions"}],"predecessor-version":[{"id":168,"href":"https:\/\/afrikatour.nl\/mauritanie\/wp-json\/wp\/v2\/pages\/57\/revisions\/168"}],"wp:attachment":[{"href":"https:\/\/afrikatour.nl\/mauritanie\/wp-json\/wp\/v2\/media?parent=57"}],"curies":[{"name":"wp","href":"https:\/\/api.w.org\/{rel}","templated":true}]}}