{"id":5,"date":"2014-08-13T19:35:34","date_gmt":"2014-08-13T17:35:34","guid":{"rendered":"https:\/\/afrikatour.nl\/reisimpressies\/?page_id=5"},"modified":"2016-12-21T02:18:36","modified_gmt":"2016-12-21T01:18:36","slug":"reisimpressies","status":"publish","type":"page","link":"https:\/\/afrikatour.nl\/reisimpressies\/","title":{"rendered":"Reisimpressies"},"content":{"rendered":"<table width=\"69%\">\n<tbody>\n<tr>\n<td width=\"182\"><a href=\"https:\/\/afrikatour.nl\/europa\/\" target=\"_blank\">Europa<\/a><\/td>\n<td width=\"183\"><a href=\"https:\/\/afrikatour.nl\/marokko\/\" target=\"_blank\">Marokko<\/a><\/td>\n<td width=\"183\"><a href=\"https:\/\/afrikatour.nl\/west-sahara\/\" target=\"_blank\">West Sahara<\/a><\/td>\n<td width=\"206\"><a href=\"https:\/\/afrikatour.nl\/mauritanie\/\" target=\"_blank\">Mauritani\u00eb<\/a><\/td>\n<\/tr>\n<tr>\n<td width=\"182\"><a href=\"https:\/\/afrikatour.nl\/senegal\/\" target=\"_blank\">Senegal<\/a><\/td>\n<td width=\"183\"><a href=\"https:\/\/afrikatour.nl\/gambia\/\" target=\"_blank\">Gambia<\/a><\/td>\n<td width=\"183\"><a href=\"https:\/\/afrikatour.nl\/guinee-bissau\/\" target=\"_blank\">Guinee Bissau<\/a><\/td>\n<td width=\"206\"><a href=\"https:\/\/afrikatour.nl\/guinee\/\" target=\"_blank\">Guinee<\/a><\/td>\n<\/tr>\n<tr>\n<td width=\"182\"><a href=\"https:\/\/afrikatour.nl\/mali\/\" target=\"_blank\">Mali<\/a><\/td>\n<td width=\"183\"><a href=\"https:\/\/afrikatour.nl\/burkina-faso\/\" target=\"_blank\">Burkina Faso<\/a><\/td>\n<td width=\"183\"><a href=\"https:\/\/afrikatour.nl\/togo\/\" target=\"_blank\">Togo<\/a><\/td>\n<td width=\"206\"><a href=\"https:\/\/afrikatour.nl\/ghana\/\" target=\"_blank\">Ghana<\/a><\/td>\n<\/tr>\n<tr>\n<td width=\"182\"><a href=\"https:\/\/afrikatour.nl\/benin\/\" target=\"_blank\">Benin<\/a><\/td>\n<td width=\"183\"><a href=\"https:\/\/afrikatour.nl\/niger\/\" target=\"_blank\">Niger<\/a><\/td>\n<td width=\"183\"><a href=\"https:\/\/afrikatour.nl\/nigeria\/\" target=\"_blank\">Nigeria<\/a><\/td>\n<td width=\"206\"><a href=\"https:\/\/afrikatour.nl\/kameroen\/\" target=\"_blank\">Kameroen<\/a><\/td>\n<\/tr>\n<tr>\n<td width=\"183\"><a href=\"https:\/\/afrikatour.nl\/tsjaad\/\" target=\"_blank\">Tsjaad<\/a><\/td>\n<td width=\"183\"><a href=\"https:\/\/afrikatour.nl\/soedan\/\" target=\"_blank\">Soedan<\/a><\/td>\n<td width=\"183\"><a href=\"https:\/\/afrikatour.nl\/ethiopie\/\" target=\"_blank\">Ethiopi\u00eb<\/a><\/td>\n<td width=\"206\"><a href=\"https:\/\/afrikatour.nl\/kenia\/\" target=\"_blank\">Kenia<\/a><\/td>\n<\/tr>\n<tr>\n<td width=\"182\"><a href=\"https:\/\/afrikatour.nl\/oeganda\/\" target=\"_blank\">Oeganda<\/a><\/td>\n<td width=\"183\"><a href=\"https:\/\/afrikatour.nl\/tanzania\/\" target=\"_blank\">Tanzania<\/a><\/td>\n<td width=\"183\"><a href=\"https:\/\/afrikatour.nl\/zambia\/\" target=\"_blank\">Zambia<\/a><\/td>\n<td width=\"206\"><a href=\"https:\/\/afrikatour.nl\/malawi\/\" target=\"_blank\">Malawi<\/a><\/td>\n<\/tr>\n<tr>\n<td width=\"182\"><a href=\"https:\/\/afrikatour.nl\/mozambique\/\" target=\"_blank\">Mozambique<\/a><\/td>\n<td width=\"183\"><a href=\"https:\/\/afrikatour.nl\/zimbabwe\/\" target=\"_blank\">Zimbabwe<\/a><\/td>\n<td width=\"183\"><a href=\"https:\/\/afrikatour.nl\/botswana\/\" target=\"_blank\">Botswana<\/a><\/td>\n<td width=\"206\"><a href=\"https:\/\/afrikatour.nl\/namibie\/\" target=\"_blank\">Namibi\u00eb<\/a><\/td>\n<\/tr>\n<tr>\n<td width=\"182\"><a href=\"https:\/\/afrikatour.nl\/lesotho\/\" target=\"_blank\">Lesotho<\/a><\/td>\n<td width=\"183\"><a href=\"https:\/\/afrikatour.nl\/swaziland\/\" target=\"_blank\">Swaziland<\/a><\/td>\n<td width=\"183\"><a href=\"https:\/\/afrikatour.nl\/zuid-afrika\/\" target=\"_blank\">Zuid Afrika<\/a><\/td>\n<td width=\"206\">&nbsp;<\/td>\n<\/tr>\n<\/tbody>\n<\/table>\n<p>&nbsp;<\/p>\n<p><strong>Nieuwe landen<\/strong><\/p>\n<table width=\"69%\">\n<tbody>\n<tr>\n<td width=\"183\"><a href=\"https:\/\/afrikatour.nl\/algerije\/\" target=\"_blank\">Algerije<\/a><\/td>\n<td width=\"183\"><a href=\"https:\/\/afrikatour.nl\/angola\/\" target=\"_blank\">Angola<\/a><\/td>\n<td width=\"183\"><a href=\"https:\/\/afrikatour.nl\/burundi\/\" target=\"_blank\">Burundi<\/a><\/td>\n<td width=\"206\"><a href=\"https:\/\/afrikatour.nl\/comoren\/\" target=\"_blank\">Comoren<\/a><\/td>\n<\/tr>\n<tr>\n<td width=\"183\"><a href=\"https:\/\/afrikatour.nl\/egypte\/\" target=\"_blank\">Egypte<\/a><\/td>\n<td width=\"183\"><a href=\"https:\/\/afrikatour.nl\/eritrea\" target=\"_blank\">Eritrea<\/a><\/td>\n<td width=\"183\"><a href=\"https:\/\/afrikatour.nl\/ivoorkust\" target=\"_blank\">Ivoorkust<\/a><\/td>\n<td width=\"206\"><a href=\"https:\/\/afrikatour.nl\/liberia\" target=\"_blank\">Liberia<\/a><\/td>\n<\/tr>\n<tr>\n<td width=\"183\"><a href=\"https:\/\/afrikatour.nl\/libie\" target=\"_blank\">Libi\u00eb<\/a><\/td>\n<td width=\"183\"><a href=\"https:\/\/afrikatour.nl\/rwanda\/\" target=\"_blank\">Rwanda<\/a><\/td>\n<td width=\"183\"><a href=\"https:\/\/afrikatour.nl\/somalie\/\" target=\"_blank\">Somali\u00eb<\/a><\/td>\n<td width=\"206\"><a href=\"https:\/\/afrikatour.nl\/congo\" target=\"_blank\">Congo &#8211; DRC<\/a><\/td>\n<\/tr>\n<\/tbody>\n<\/table>\n<div id=\"attachment_10\" style=\"width: 310px\" class=\"wp-caption alignleft\"><a href=\"https:\/\/afrikatour.nl\/reisimpressies\/wp-content\/uploads\/sites\/2\/2014\/08\/afrikaroute.gif\"><img loading=\"lazy\" decoding=\"async\" aria-describedby=\"caption-attachment-10\" class=\"size-medium wp-image-10\" src=\"https:\/\/afrikatour.nl\/reisimpressies\/wp-content\/uploads\/sites\/2\/2014\/08\/afrikaroute-300x300.gif\" alt=\"afrika routekaart\" height=\"300\" width=\"300\" srcset=\"https:\/\/afrikatour.nl\/reisimpressies\/wp-content\/uploads\/sites\/2\/2014\/08\/afrikaroute-300x300.gif 300w, https:\/\/afrikatour.nl\/reisimpressies\/wp-content\/uploads\/sites\/2\/2014\/08\/afrikaroute-150x150.gif 150w\" sizes=\"auto, (max-width: 300px) 100vw, 300px\" \/><\/a><p id=\"caption-attachment-10\" class=\"wp-caption-text\">Kaart Afrika<\/p><\/div>\n<p>De paarse lijn duidt op vorige reizen vanaf 1976<\/p>\n<p>De zware lijn is de route die zij volgde op hun reis van Amsterdam naar Kaapstad van september &#8217;02 tot maart &#8217;04.&nbsp;In totaal 63.000 km over land.<\/p>\n<p>Door de toestanden in Soedan en het uitbreken van de Golfoorlog waren de grenzen gesloten van Soedan.<\/p>\n<p>De auto werd in <a href=\"https:\/\/afrikatour.nl\/togo\/\" target=\"_blank\">Togo<\/a> op de boot gezet en zij zijn gevlogen naar <a href=\"https:\/\/afrikatour.nl\/zuid-afrika\/\" target=\"_blank\">Kaapstad<\/a> om daar onze reis voort te zetten.<\/p>\n<p>In 2006 maakten zij een reis naar zuidelijk Afrika van 6 maanden. In <a href=\"https:\/\/afrikatour.nl\/marokko\/\" target=\"_blank\">2007<\/a> en <a href=\"https:\/\/afrikatour.nl\/marokko\/\" target=\"_blank\">2008 <\/a>maakte zij relatief korte reizen naar <a href=\"https:\/\/afrikatour.nl\/marokko\/\" target=\"_blank\">Marokko<\/a> en de <a href=\"https:\/\/afrikatour.nl\/west-sahara\/\" target=\"_blank\">West Sahara<\/a> (2 maanden).<\/p>\n<h3>Related Images:<\/h3>","protected":false},"excerpt":{"rendered":"<p>Europa Marokko West Sahara Mauritani\u00eb Senegal Gambia Guinee Bissau Guinee Mali Burkina Faso Togo Ghana Benin Niger Nigeria Kameroen Tsjaad Soedan Ethiopi\u00eb Kenia Oeganda Tanzania Zambia Malawi Mozambique Zimbabwe Botswana Namibi\u00eb Lesotho Swaziland Zuid Afrika &nbsp; &nbsp; Nieuwe landen Algerije Angola Burundi Comoren Egypte Eritrea Ivoorkust Liberia Libi\u00eb Rwanda Somali\u00eb \u2026 <a class=\"continue-reading-link\" href=\"https:\/\/afrikatour.nl\/reisimpressies\/\">Lees verder<\/a><\/p>\n","protected":false},"author":1,"featured_media":0,"parent":0,"menu_order":0,"comment_status":"closed","ping_status":"open","template":"","meta":{"ngg_post_thumbnail":0,"footnotes":"","_links_to":"","_links_to_target":""},"class_list":["post-5","page","type-page","status-publish","hentry"],"_links":{"self":[{"href":"https:\/\/afrikatour.nl\/reisimpressies\/wp-json\/wp\/v2\/pages\/5","targetHints":{"allow":["GET"]}}],"collection":[{"href":"https:\/\/afrikatour.nl\/reisimpressies\/wp-json\/wp\/v2\/pages"}],"about":[{"href":"https:\/\/afrikatour.nl\/reisimpressies\/wp-json\/wp\/v2\/types\/page"}],"author":[{"embeddable":true,"href":"https:\/\/afrikatour.nl\/reisimpressies\/wp-json\/wp\/v2\/users\/1"}],"replies":[{"embeddable":true,"href":"https:\/\/afrikatour.nl\/reisimpressies\/wp-json\/wp\/v2\/comments?post=5"}],"version-history":[{"count":0,"href":"https:\/\/afrikatour.nl\/reisimpressies\/wp-json\/wp\/v2\/pages\/5\/revisions"}],"wp:attachment":[{"href":"https:\/\/afrikatour.nl\/reisimpressies\/wp-json\/wp\/v2\/media?parent=5"}],"curies":[{"name":"wp","href":"https:\/\/api.w.org\/{rel}","templated":true}]}}