{"id":13,"date":"2015-03-04T22:33:44","date_gmt":"2015-03-04T21:33:44","guid":{"rendered":"https:\/\/afrikatour.nl\/seychellen\/?page_id=13"},"modified":"2017-09-07T22:26:09","modified_gmt":"2017-09-07T20:26:09","slug":"home","status":"publish","type":"page","link":"https:\/\/afrikatour.nl\/seychellen\/","title":{"rendered":"Home"},"content":{"rendered":"<h3 style=\"text-align: center;\"><a href=\"https:\/\/afrikatour.nl\/seychellen\/wp-content\/uploads\/sites\/64\/2015\/03\/Vlag-Seychellen.gif\"><img loading=\"lazy\" decoding=\"async\" class=\"alignleft size-full wp-image-14\" src=\"https:\/\/afrikatour.nl\/seychellen\/wp-content\/uploads\/sites\/64\/2015\/03\/Vlag-Seychellen.gif\" alt=\"Vlag Seychellen\" height=\"180\" width=\"240\"><\/a><strong>Gegevens van de Seychellen<\/strong><\/h3>\n<table width=\"69%\">\n<tbody>\n<tr>\n<td width=\"25%\"><strong>Geschiedenis<\/strong><\/td>\n<td rowspan=\"3\" width=\"74%\">De Portugezen waren de eerste Europeanen die de Seychellen aandeden in de zestiende eeuw. Frankrijk nam bezit van de eilanden in 1756. In 1814 gingen zij over in Britse handen. De Seychellen werden op 29 juni 1976 een onafhankelijk lid van het Britse Gemenebest. Een jaar later trok de toenmalige minister-president France Albert Ren\u00e9 alle macht aan zich door middel van een coup en werden de Seychellen een \u00e9\u00e9npartijstaat. In december 1991 kondigde hij terugkeer naar een meerpartijensysteem aan. In juni 1993 werd een nieuwe grondwet aangenomen, waarop in juli 1993 presidents- en parlementsverkiezingen volgden. Deze werden gewonnen door het &#8216;Seychelles People&#8217;s Progressive Front&#8217; (SPPF) van France Albert Ren\u00e9.<\/p>\n<p>Vice president James Michel volgde France Albert Rene in april 2004 toen hij terugtrad na het land drie decennia&nbsp; te hebben geleid.<\/td>\n<\/tr>\n<tr>\n<td width=\"25%\">&nbsp;<\/td>\n<\/tr>\n<tr>\n<td width=\"25%\">&nbsp;<\/td>\n<\/tr>\n<\/tbody>\n<\/table>\n<h3 style=\"text-align: center;\"><strong>Algemene gegevens<\/strong><\/h3>\n<table width=\"721\">\n<tbody>\n<tr>\n<td width=\"190\"><strong>Oppervlakte<\/strong><\/td>\n<td width=\"520\">455,3 km2 verdeeld over 115 eilanden (\u00b1 100 x kleiner dan Nederland)<\/td>\n<\/tr>\n<tr>\n<td width=\"190\"><strong>Hoofdstad<\/strong><\/td>\n<td width=\"520\">Victoria (gelegen op het eiland Mah\u00e9)<\/td>\n<\/tr>\n<tr>\n<td width=\"190\"><strong>Inwonertal<\/strong><\/td>\n<td width=\"520\">81.000 (2004, schatting EIU)<\/td>\n<\/tr>\n<tr>\n<td width=\"190\"><strong>Bevolkingsdichtheid<\/strong><\/td>\n<td width=\"520\">178 inwoners per km2<\/td>\n<\/tr>\n<tr>\n<td width=\"190\"><strong>Godsdienst<\/strong><\/td>\n<td width=\"520\">Voornamelijk christenen (\u00b198%)<\/td>\n<\/tr>\n<tr>\n<td width=\"190\"><strong>Taal<\/strong><\/td>\n<td width=\"520\">Creool, Engels, Frans<\/td>\n<\/tr>\n<tr>\n<td width=\"190\"><strong>Nationale feestdag(en)<\/strong><\/td>\n<td width=\"520\">29 juni (onafhankelijkheidsdag)<\/td>\n<\/tr>\n<tr>\n<td width=\"190\"><strong>Klimatologische gesteldheid<\/strong><\/td>\n<td width=\"520\">Tropisch<\/td>\n<\/tr>\n<\/tbody>\n<\/table>\n<h3 style=\"text-align: center;\"><strong>Staatkundige gegevens<\/strong><\/h3>\n<table width=\"729\">\n<tbody>\n<tr>\n<td width=\"715\">\n<table width=\"715\">\n<tbody>\n<tr>\n<td width=\"298\"><strong>Staatshoofd<\/strong><\/td>\n<td width=\"403\">President James Alix Michel (sinds 14 april 2004)<\/td>\n<\/tr>\n<tr>\n<td width=\"298\"><strong>Premier<\/strong><\/td>\n<td width=\"403\">n.v.t.<\/td>\n<\/tr>\n<tr>\n<td width=\"298\"><strong>Minister van Buitenlandse Zaken<\/strong><\/td>\n<td width=\"403\">Patrick Pillay<\/td>\n<\/tr>\n<tr>\n<td width=\"298\"><strong>Minister van Economische Planning en Werkgelegenheid<\/strong><\/td>\n<td width=\"403\">Jacqueline Dugasse<\/td>\n<\/tr>\n<tr>\n<td width=\"298\"><strong>Staatsvorm<\/strong><\/td>\n<td width=\"403\">Republiek<\/td>\n<\/tr>\n<tr>\n<td width=\"298\"><strong>Parlement<\/strong><\/td>\n<td width=\"403\">Nationale Vergadering bestaande uit 34 zetels<\/td>\n<\/tr>\n<\/tbody>\n<\/table>\n<h3 style=\"text-align: center;\"><strong>Staatsinrichting<\/strong><\/h3>\n<p>De Seychellen zijn een republiek. In de in 1993 per referendum goedgekeurde nieuwe grondwet is onder druk van het VK en Frankrijk het meerpartijenstelsel vastgelegd. James Michel is zowel staatshoofd als regeringsleider. Het rechtsstelsel is gebaseerd op het Engelse burgerlijk wetboek en de &#8216;Code Napol\u00e9on&#8217;.<\/td>\n<\/tr>\n<\/tbody>\n<\/table>\n<h3 style=\"text-align: center;\"><strong>Demografische gegevens<\/strong><\/h3>\n<table width=\"728\">\n<tbody>\n<tr>\n<td width=\"220\"><strong>Natuurlijke bevolkingsgroei<\/strong><\/td>\n<td width=\"497\">1,0% (1975-2003), 0,9% (2003-2015)<\/td>\n<\/tr>\n<tr>\n<td width=\"220\"><strong>Geboorten (per 1000 inwoners)<\/strong><\/td>\n<td width=\"497\">16,55 (2004, per 1000 inwoners)<\/td>\n<\/tr>\n<tr>\n<td width=\"220\"><strong>Overlijdens (per 1000 inwoners)<\/strong><\/td>\n<td width=\"497\">6,41 (2004, per 1000 inwoners)<\/td>\n<\/tr>\n<tr>\n<td width=\"220\"><strong>Levensverwachting<\/strong><\/td>\n<td width=\"497\">77,1 jaar (v) &#8211; 66,1 jaar (m) (2004, schatting CIA)<\/td>\n<\/tr>\n<\/tbody>\n<\/table>\n<h3 style=\"text-align: center;\"><strong>Economische gegevens<\/strong><\/h3>\n<table width=\"728\">\n<tbody>\n<tr>\n<td width=\"714\">\n<table width=\"714\">\n<tbody>\n<tr>\n<td width=\"202\"><strong>BBP<\/strong><\/td>\n<td width=\"498\">US$ 703 miljoen (2004, schatting overheid Seychellen)<\/td>\n<\/tr>\n<tr>\n<td width=\"202\"><strong>Economische groei<\/strong><\/td>\n<td width=\"498\">-2% (2004, schatting overheid), -6,3 (2003, schatting overheid), 1,3% (2002, schatting overheid)<\/td>\n<\/tr>\n<tr>\n<td width=\"202\"><strong>BBP per capita<\/strong><\/td>\n<td width=\"498\">US$ 8.610 (2003)<\/td>\n<\/tr>\n<tr>\n<td width=\"202\"><strong>Inflatie<\/strong><\/td>\n<td width=\"498\">3,9% (2004, schatting EIU), 3,3% (2003), 0,2% (2002)<\/td>\n<\/tr>\n<tr>\n<td width=\"202\"><strong>Beroepsbevolking per sector<\/strong><\/td>\n<td width=\"498\">Landbouw en visserij (3,6%), industrie (15%), handel en diensten (81,4%) (1994)<\/td>\n<\/tr>\n<tr>\n<td width=\"202\"><strong>Werkloosheid<\/strong><\/td>\n<td width=\"498\">Niet beschikbaar<\/td>\n<\/tr>\n<tr>\n<td width=\"202\"><strong>Uitvoer<\/strong><\/td>\n<td width=\"498\">US$ 301 miljoen (2004, schatting EIU)<\/td>\n<\/tr>\n<tr>\n<td width=\"202\"><strong>&#8211; belangrijke producten<\/strong><\/td>\n<td width=\"498\">Tonijn in blik, bevroren garnalen en bevroren\/verse vis, heruitvoer olieproducten<\/td>\n<\/tr>\n<tr>\n<td width=\"202\"><strong>&#8211; belangrijkste partners<\/strong><\/td>\n<td width=\"498\">Verenigd Koninkrijk, Frankrijk, Itali\u00eb, Thailand<\/td>\n<\/tr>\n<tr>\n<td width=\"202\"><strong>Invoer<\/strong><\/td>\n<td width=\"498\">US$ 417 miljoen (2004, schatting EIU)<\/td>\n<\/tr>\n<tr>\n<td width=\"202\"><strong>&#8211; belangrijke producten<\/strong><\/td>\n<td width=\"498\">Voedsel en levende dieren, machines en transportmaterieel, gefabriceerde goederen, chemicali\u00ebn, brandstof<\/td>\n<\/tr>\n<tr>\n<td width=\"202\"><strong>&#8211; belangrijkste partners<\/strong><\/td>\n<td width=\"498\">Saoedi-Arabi\u00eb, Frankrijk, Spanje, Zuid-Afrika<\/td>\n<\/tr>\n<tr>\n<td width=\"202\"><strong>Valuta<\/strong><\/td>\n<td width=\"498\">Seychellen Rupee (SRs)<\/td>\n<\/tr>\n<tr>\n<td width=\"202\"><strong>Buitenlandse schuld<\/strong><\/td>\n<td width=\"498\">US$ 572 miljoen (2004,&nbsp; schatting EIU)<\/td>\n<\/tr>\n<tr>\n<td width=\"202\"><strong>Debt-service ratio<\/strong><\/td>\n<td width=\"498\">13% (2004, schatting EIU)<\/td>\n<\/tr>\n<tr>\n<td width=\"202\"><strong>Saldo handelsbalans<\/strong><\/td>\n<td width=\"498\">US$ 116 miljoen (tekort, 2004)<\/td>\n<\/tr>\n<tr>\n<td width=\"202\"><strong>Lopende rekening betalingsbalans<\/strong><\/td>\n<td width=\"498\">US$ 24,7 miljoen (tekort, 2004, schatting EIU)<\/td>\n<\/tr>\n<\/tbody>\n<\/table>\n<h3 style=\"text-align: center;\"><strong>Economische situatie<\/strong><\/h3>\n<p>Ondanks vele pogingen tot diversificatie blijft toerisme de ruggengraat van de Seychelse economie. In 2002 deden 132.000 toeristen de Seychellen aan. Dit hoge aantal is te danken aan intensieve promotie in Europa, goede internationale vliegverbindingen (onder andere door KLM-Kenyan Airlines) en een grote toename van toerisme vanuit Zuid-Afrika. Wel is gebleken dat de toeristen gemiddeld steeds minder geld besteden. Ook is de sector gevoelig voor externe ontwikkelingen (terrorisme, SARS).<\/p>\n<p>De ongeveer 115 eilanden beschikken over weinig landbouwgrond en deze grond is over het algemeen weinig vruchtbaar. De visgronden van de Seychellen bestrijken ongeveer een miljoen vierkante kilometer. Buitenlandse vissers moeten sinds 1979 beschikken over een vergunning. De Europese Unie bezit de grootste visconcessie en betaalt daarvoor zes miljoen ECU (ca. NLG 13,3 miljoen). De opbrengsten uit visserij (tonijn) vormen eveneens een belangrijke bijdrage in de buitenlandse valuta inkomsten.<\/p>\n<p>Vooral dankzij het toerisme behoren de Seychellen tot de &#8216;upper middle income countries&#8217; en is het bruto nationaal inkomen per capita hoger dan op het Afrikaanse vasteland. De Seychellen ontvangen daarom weinig ontwikkelingshulp. Desalniettemin is er de afgelopen twee jaar sprake van een negatieve groei door minder toerisme en export van vis. In de komende jaren zal deze tendens naar alle waarschijnlijkheid voortzetten, waarbij dalende exportprijzen van tonijn \u00e9\u00e9n van de oorzaken is.<\/td>\n<\/tr>\n<\/tbody>\n<\/table>\n<h3 style=\"text-align: center;\"><strong>Ontwikkelingsrelevante indicatoren<\/strong><\/h3>\n<table width=\"722\">\n<tbody>\n<tr>\n<td width=\"299\">Groeisectoren<\/td>\n<td width=\"409\">Visserij en infrastructuur<\/td>\n<\/tr>\n<tr>\n<td width=\"299\">Energiesituatie<\/td>\n<td width=\"409\">Elektriciteitsopwekking geheel op basis van ge\u00efmporteerde olie.<\/td>\n<\/tr>\n<tr>\n<td width=\"299\">Human development index<\/td>\n<td width=\"409\">0,821 (2003, 51e plaats van in totaal 177)<\/td>\n<\/tr>\n<tr>\n<td width=\"299\">Human poverty index<\/td>\n<td width=\"409\">Niet beschikbaar<\/td>\n<\/tr>\n<tr>\n<td width=\"299\">Gender-related development index<\/td>\n<td width=\"409\">Niet beschikbaar<\/td>\n<\/tr>\n<tr>\n<td width=\"299\">% inwoners dat leeftijd van 40 niet haalt<\/td>\n<td width=\"409\">Niet beschikbaar<\/td>\n<\/tr>\n<tr>\n<td width=\"299\">Alfabetisering<\/td>\n<td width=\"409\">92,3% (v) &#8211; 91,4 (m) (2003)<\/td>\n<\/tr>\n<tr>\n<td width=\"299\">% mensen met toegang tot veilig drinkwater<\/td>\n<td width=\"409\">87% (2002)<\/td>\n<\/tr>\n<tr>\n<td width=\"299\">% mensen met toegang tot essenti\u00eble medicijnen<\/td>\n<td width=\"409\">80-94% (1999)<\/td>\n<\/tr>\n<tr>\n<td width=\"299\">% kinderen tot 5 jaar met ondergewicht<\/td>\n<td width=\"409\">6% (1995-2003)<\/td>\n<\/tr>\n<\/tbody>\n<\/table>\n<table width=\"63%\">\n<tbody>\n<tr>\n<td width=\"50%\">\n<h3 style=\"text-align: center;\"><strong>Binnenlandse politiek<\/strong><\/h3>\n<p>Tijdens de jongste algemene presidents- en parlementsverkiezingen in december 2002 werd France Albert Ren\u00e9 met een ruime meerderheid herkozen tot President voor een periode van vijf jaar. In 1996 is de post van vice-president gecre\u00eberd.&nbsp; De president trad tussentijds af in april 2004 en werd opgevolgd door zijn vice-president James Michel. Nieuwe presidentsverkiezingen worden niet eerder dan 2006 gehouden. France Ren\u00e9 bleef actief in de politiek als voorzitter van de regerende Seychelles People\u2019s Progressive Front (SPPF). Deze partij heeft 23 van de 34 parlementszetels in handen. De oppositie is in handen van de Seychelles National Party (SNP) onder leiding van Wavel Ramkawalam. Aanvankelijk had de SNP bezwaar tegen de tussentijdse opvolging van president Ren\u00e9, maar momenteel werk de oppositie aan betere relaties met de regeringspartij.<\/p>\n<p>De oppositie won in 2002 ten opzichte van de verkiezingen van 1998 zeven zetels en heeft nu in het totaal 11 zetels.<\/p>\n<h3 style=\"text-align: center;\"><strong>Sociale situatie<\/strong><\/h3>\n<p>De gezondheidszorg en het onderwijs hebben prioriteit in het regeringsbeleid van president Ren\u00e9. Er is veel vooruitgang geboekt in het bestrijden van besmettelijke ziektes en ondervoeding door een netwerk van poliklinieken. Het is echter lastig gebleken lokale mensen medisch te scholen, zodat de gezondheidszorg toch voornamelijk afhankelijk blijft van buitenlands personeel. De positie van de vrouwen is relatief goed te noemen.<\/p>\n<p>In 2002 werd ongeveer 9,3% van de overheidsuitgaven gereserveerd voor onderwijszaken en 8,2% voor gezondheidszorg. Lager onderwijs is gratis en verplicht op de Seychellen tot de leeftijd van 15 jaar. De gemiddelde verhouding leerling: docent is ongeveer 15:1<\/td>\n<\/tr>\n<\/tbody>\n<\/table>\n<h3 style=\"text-align: center;\"><strong>Mensenrechten<\/strong><\/h3>\n<table width=\"804\">\n<tbody>\n<tr>\n<td width=\"798\">Hoewel de overheid de mensenrechten over het algemeen respecteert, zijn er enkele gevallen bekend van wreed optreden door de veiligheidstroepen van de politie. Dit is echter niet wijdverspreid en de autoriteiten hebben dergelijke overtredingen in het verleden onderzocht en bestraft. Verder is de macht van de president erg groot en is er weinig onafhankelijke controle op de rol van de president.<\/p>\n<p>De grondwet voorziet in persvrijheid en vrijheid van meningsuiting maar in praktijk bestaan hierop toch beperkingen. De overheid bezit het enige radio- en televisiestation en is eigenaar van de enige dagelijks verschijnende krant. Er bestaat \u00e9\u00e9n belangrijk kritisch weekblad, de Regar, dat regelmatig aangeklaagd wordt door de overheid wegens &#8220;laster&#8221;.<\/p>\n<p>Geweld tegen vrouwen en kinderen, met name meisjes, is een probleem op de Seychellen. Dit gebeurt vooral in de huiselijke kring, waar de politie bovendien niet snel ingrijpt. Dergelijke vergrijpen worden niet of zeer licht bestraft.<\/td>\n<\/tr>\n<\/tbody>\n<\/table>\n<h3 style=\"text-align: center;\"><strong>Buitenlands beleid en veiligheidsbeleid<\/strong><\/h3>\n<table width=\"815\">\n<tbody>\n<tr>\n<td width=\"809\">Mede vanwege hun strategische ligging onderhielden de Seychellen tijdens de Koude Oorlog contacten met beide blokken. Ook waren er relaties met Libi\u00eb, Algerije, Irak en Noord-Korea. President Ren\u00e9 streefde ernaar om van de Indische Oceaan een vredeszone te maken en de &#8216;British Indian Ocean Territory&#8217; te demilitariseren. Na het uiteenvallen van de Sovjet-Unie zijn de Seychellen zich meer gaan richten op belangrijke donoren als Frankrijk, Japan en het Europees Ontwikkelingsfonds. Ook werden regionale banden aangehaald. Samen met Madagaskar, Mauritius, Frankrijk(vanwege R\u00e9union) en de Comoren vormen de Seychellen de Indian Ocean Commission, een regionaal samenwerkingsverband. De Seychellen zijn echter nog geen lid van het &#8216;Indian Ocean Rim Initiative for Regional Co-operation&#8217;, waarvan veertien landen deel uitmaken.<\/p>\n<p>Het leger telt vierhonderd man, van wie tweehonderd de kustwacht vormen.<\/td>\n<\/tr>\n<\/tbody>\n<\/table>\n","protected":false},"excerpt":{"rendered":"<p>Gegevens van de Seychellen Geschiedenis De Portugezen waren de eerste Europeanen die de Seychellen aandeden in de zestiende eeuw. Frankrijk nam bezit van de eilanden in 1756. In 1814 gingen zij over in Britse handen. De Seychellen werden op 29 juni 1976 een onafhankelijk lid van het Britse Gemenebest. Een \u2026 <a class=\"continue-reading-link\" href=\"https:\/\/afrikatour.nl\/seychellen\/\">Lees verder<\/a><\/p>\n","protected":false},"author":1,"featured_media":0,"parent":0,"menu_order":0,"comment_status":"closed","ping_status":"closed","template":"","meta":{"ngg_post_thumbnail":0,"footnotes":"","_links_to":"","_links_to_target":""},"class_list":["post-13","page","type-page","status-publish","hentry"],"_links":{"self":[{"href":"https:\/\/afrikatour.nl\/seychellen\/wp-json\/wp\/v2\/pages\/13","targetHints":{"allow":["GET"]}}],"collection":[{"href":"https:\/\/afrikatour.nl\/seychellen\/wp-json\/wp\/v2\/pages"}],"about":[{"href":"https:\/\/afrikatour.nl\/seychellen\/wp-json\/wp\/v2\/types\/page"}],"author":[{"embeddable":true,"href":"https:\/\/afrikatour.nl\/seychellen\/wp-json\/wp\/v2\/users\/1"}],"replies":[{"embeddable":true,"href":"https:\/\/afrikatour.nl\/seychellen\/wp-json\/wp\/v2\/comments?post=13"}],"version-history":[{"count":0,"href":"https:\/\/afrikatour.nl\/seychellen\/wp-json\/wp\/v2\/pages\/13\/revisions"}],"wp:attachment":[{"href":"https:\/\/afrikatour.nl\/seychellen\/wp-json\/wp\/v2\/media?parent=13"}],"curies":[{"name":"wp","href":"https:\/\/api.w.org\/{rel}","templated":true}]}}