{"id":13,"date":"2015-03-04T20:43:53","date_gmt":"2015-03-04T19:43:53","guid":{"rendered":"https:\/\/afrikatour.nl\/tunesie\/?page_id=13"},"modified":"2017-09-07T21:49:01","modified_gmt":"2017-09-07T19:49:01","slug":"home","status":"publish","type":"page","link":"https:\/\/afrikatour.nl\/tunesie\/","title":{"rendered":"Home"},"content":{"rendered":"<h3 style=\"text-align: center;\"><a href=\"https:\/\/afrikatour.nl\/tunesie\/wp-content\/uploads\/sites\/63\/2015\/03\/Vlag-Tunesi\u00eb.gif\"><img loading=\"lazy\" decoding=\"async\" class=\"alignleft size-full wp-image-14\" src=\"https:\/\/afrikatour.nl\/tunesie\/wp-content\/uploads\/sites\/63\/2015\/03\/Vlag-Tunesi\u00eb.gif\" alt=\"Vlag Tunesi\u00eb\" width=\"240\" height=\"180\"><\/a><strong>Gegevens van Tunesi\u00eb<\/strong><\/h3>\n<table width=\"63%\">\n<tbody>\n<tr>\n<td width=\"24%\"><strong>Geschiedenis<\/strong><\/td>\n<td rowspan=\"2\" width=\"75%\">De geschiedenis van Tunesi\u00eb gaat ver terug. Volgens de overlevering werd in 814 v\u00f3\u00f3r de jaartelling de stad Carthago door koningin Dido gesticht. Na in de loop der eeuwen respectievelijk door Phoenici\u00ebrs, Romeinen, Vandalen, Arabieren, Ottomanen en Fransen te zijn bestuurd werd Tunesi\u00eb in 1956 onafhankelijk.<\/p>\n<p>In de aanloop naar de onafhankelijkheid speelde de partij van Habib Bourgiba, de Neo-Destour (\u2018grondwet\u2019) partij, een belangrijke rol. In 1957 werd Tunesi\u00eb een republiek met Bourgiba als president. Hij zette een politiek in van secularisering en modernisering, vergelijkbaar met die van Atat\u00fcrk in Turkije. Als gevolg van de moderniseringen groeide de Tunesische economie in hoog tempo en steeg het opleidingspeil van de bevolking aanzienlijk. Onder Bourgiba kreeg het landsbestuur autocratische trekken en onstond er een&nbsp; situatie die leek op een \u00e9\u00e9npartijstaat. Bij opeenvolgende presidentsverkiezingen won Bourgiba als enige kandidaat de verkiezingen met percentages van rond de 99%.<\/p>\n<p>In 1987 werd Bourgiba, die om gezondheidsredenen niet meer tot regeren in staat werd geacht, afgezet. Sinds 1987 is Zine Abdine Ben Ali president van Tunesi\u00eb. Ben Ali zet in grote lijnen het door Bourgiba gevoerde beleid van moderniseringen voort. Dit heeft ertoe geleid dat Tunesi\u00eb, zonder op olie-inkomsten of andere natuurlijke rijkdommen te kunnen bogen, \u00e9\u00e9n van de meest welvarende landen in de regio is geworden, met een grote middenklasse, waar de gelijke positie van de vrouw grondwettelijk is gewaarborgd.<\/p>\n<p>De overheersende positie van de Rassemblement Constitutionel D\u00e9mocratique (de nieuwe naam voor Neo Destour partij) in het openbare leven en het moderniseringstreven hadden al tijdens het bewind van Bourgiba tegenkrachten opgewekt. Deze werden gedragen door de islamitische En-Nahda (\u2018wedergeboorte\u2019) beweging. Toen in 1989 Ben Ali presidents- en parlementsverkiezingen uitschreef waaraan voor het eerst meer partijen konden deelnemen vroeg En-Nahda geregistreerd te worden als politieke partij maar dit werd geweigerd wegens de religieuze grondslag van En-Nahda. De overige oppositiepartijen boycotten de verkiezingen. Bij de laatste presidentsverkiezingen in 1999 kreeg Ben Ali 99,4 % van de stemmen.<\/p>\n<p>Verschillende malen bezochten wij Tunesi\u00eb. In 1994 doorkruisten wij het land van het noorden tot de meest zuidelijke punt.<\/td>\n<\/tr>\n<tr>\n<td>&nbsp;<\/td>\n<\/tr>\n<\/tbody>\n<\/table>\n<h3 style=\"text-align: center;\"><strong>Algemene gegevens<\/strong><\/h3>\n<table width=\"807\">\n<tbody>\n<tr>\n<td width=\"182\">Offici\u00eble naam<\/td>\n<td width=\"609\">al-Djoemhoerijja at-Toenisijja<\/td>\n<\/tr>\n<tr>\n<td width=\"182\">Oppervlakte<\/td>\n<td width=\"609\">164.150 km\u00b2 (ongeveer 4x Nederland)<\/td>\n<\/tr>\n<tr>\n<td width=\"182\">Hoofdstad<\/td>\n<td width=\"609\">Tunis<\/td>\n<\/tr>\n<tr>\n<td width=\"182\">Inwonertal<\/td>\n<td width=\"609\">9,9 miljoen (2004)<\/td>\n<\/tr>\n<tr>\n<td width=\"182\">Bevolkingsdichtheid<\/td>\n<td width=\"609\">60 inwoners per km\u00b2 (2004)<\/td>\n<\/tr>\n<tr>\n<td width=\"182\">Godsdienst<\/td>\n<td width=\"609\">99 % van de bevolking is moslim. De rest is christen of joods.<\/td>\n<\/tr>\n<tr>\n<td width=\"182\">Taal<\/td>\n<td width=\"609\">De offici\u00eble taal is Arabisch. Frans is de tweede taal.<\/td>\n<\/tr>\n<tr>\n<td width=\"182\">Nationale feestdag(en)<\/td>\n<td width=\"609\">20 maart, onafhankelijkheidsdag<\/td>\n<\/tr>\n<tr>\n<td width=\"182\">Klimaat<\/td>\n<td width=\"609\">Noord- en oostkust: subtropisch klimaat<br \/>\nBinnenland: steppeklimaat<br \/>\nUiterste zuiden: woestijnklimaat<\/td>\n<\/tr>\n<tr>\n<td width=\"182\">&nbsp;<\/td>\n<td width=\"609\">&nbsp;<\/td>\n<\/tr>\n<\/tbody>\n<\/table>\n<h3 style=\"text-align: center;\"><strong>Staatkundige gegevens<\/strong><\/h3>\n<table width=\"810\">\n<tbody>\n<tr>\n<td width=\"204\">Staatshoofd<\/td>\n<td width=\"606\">President Zine al-Abedine Ben Ali (sinds 7 november 1987) gevlucht voor volksprotest op 24 januari 2011<\/td>\n<\/tr>\n<tr>\n<td width=\"204\">Premier<\/td>\n<td width=\"606\">Mohamed Ghannouchi<\/td>\n<\/tr>\n<tr>\n<td width=\"204\">Minister van Buitenlandse Zaken<\/td>\n<td width=\"606\">Abdelbaki Hermassi<\/td>\n<\/tr>\n<tr>\n<td width=\"204\">Minister van Industrie en Energie<\/td>\n<td width=\"606\">Fethi Merdassi<\/td>\n<\/tr>\n<tr>\n<td width=\"204\">Staatsvorm<\/td>\n<td width=\"606\">Republiek<\/td>\n<\/tr>\n<tr>\n<td width=\"204\">Parlement<\/td>\n<td width=\"606\">Eenkamerparlement met 182 leden.<\/td>\n<\/tr>\n<\/tbody>\n<\/table>\n<h3 style=\"text-align: center;\"><strong>Demografische gegevens<\/strong><\/h3>\n<table width=\"811\">\n<tbody>\n<tr>\n<td width=\"247\">Natuurlijke bevolkingsgroei<\/td>\n<td width=\"548\">1 % (2001-2015)<\/td>\n<\/tr>\n<tr>\n<td width=\"247\">Geboorten (per 1000 inwoners)<\/td>\n<td width=\"548\">16,53 (2003, schatting CIA World Factbook)<\/td>\n<\/tr>\n<tr>\n<td width=\"247\">Overlijdens (per 1000 inwoners)<\/td>\n<td width=\"548\">5,02 (2003, schatting CIA World Factbook)<\/td>\n<\/tr>\n<tr>\n<td width=\"247\">Levensverwachting<\/td>\n<td width=\"548\">74,5 jaar (v), 70,5 jaar (m) (2001)<\/td>\n<\/tr>\n<\/tbody>\n<\/table>\n<h3 style=\"text-align: center;\"><strong>Economische gegevens<\/strong><\/h3>\n<table width=\"808\">\n<tbody>\n<tr>\n<td width=\"175\">BBP<\/td>\n<td width=\"618\">US$ 25,1 miljard (2003)<\/td>\n<\/tr>\n<tr>\n<td width=\"175\">Economische groei<\/td>\n<td width=\"618\">5,6 % (2003), 1,7 % (2002)<\/td>\n<\/tr>\n<tr>\n<td width=\"175\">BBP per capita<\/td>\n<td width=\"618\">US$ 2,535 (2004)<\/td>\n<\/tr>\n<tr>\n<td width=\"175\">Inflatie<\/td>\n<td width=\"618\">2,7 % (2003), 2,7 %&nbsp; (2002)<\/td>\n<\/tr>\n<tr>\n<td width=\"175\">Beroepsbevolking per sector<\/td>\n<td width=\"618\">Landbouw en visserij 14,9%, industrie en nijverheid 20,1%, diensten 51,9% (2000)<\/td>\n<\/tr>\n<tr>\n<td width=\"175\">Werkloosheid<\/td>\n<td width=\"618\">14,3 % (2003, schatting CIA World Factbook)<\/td>\n<\/tr>\n<tr>\n<td width=\"175\">Uitvoer<\/td>\n<td width=\"618\">US$ 8 miljard (2003)<\/td>\n<\/tr>\n<tr>\n<td width=\"175\">&#8211; belangrijke producten<\/td>\n<td width=\"618\">Textiel, elektrische apparaten, olie en derivaten.<\/td>\n<\/tr>\n<tr>\n<td width=\"175\">&#8211; belangrijkste partners<\/td>\n<td width=\"618\">Frankrijk, Itali\u00eb, Duitsland<\/td>\n<\/tr>\n<tr>\n<td width=\"175\">Invoer<\/td>\n<td width=\"618\">US$ 10,2 miljard (2003)<\/td>\n<\/tr>\n<tr>\n<td width=\"175\">&#8211; belangrijke producten<\/td>\n<td width=\"618\">Textiel, machines, elektrische apparaten.<\/td>\n<\/tr>\n<tr>\n<td width=\"175\">&#8211; belangrijkste partners<\/td>\n<td width=\"618\">Frankrijk, Itali\u00eb, Duitsland<\/td>\n<\/tr>\n<tr>\n<td width=\"175\">Valuta<\/td>\n<td width=\"618\">Tunesische dinar (TD) (1 TD = 1000 millimes)<\/td>\n<\/tr>\n<tr>\n<td width=\"175\">Buitenlandse schuld<\/td>\n<td width=\"618\">US$ 14,2 miljard (2003, schatting EIU)<\/td>\n<\/tr>\n<tr>\n<td width=\"175\">Debt-service ratio<\/td>\n<td width=\"618\">15,7 % (2003, schatting EIU)<\/td>\n<\/tr>\n<tr>\n<td width=\"175\">Saldo handelsbalans<\/td>\n<td width=\"618\">US$ -\/- 2,2 miljard (2003)<\/td>\n<\/tr>\n<tr>\n<td width=\"175\">Lopende rekening betalingsbalans<\/td>\n<td width=\"618\">US$ -\/- 746,2 miljoen (2003)<\/td>\n<\/tr>\n<\/tbody>\n<\/table>\n<h3 style=\"text-align: center;\"><strong>Ontwikkelingsrelevante indicatoren<\/strong><\/h3>\n<table width=\"807\">\n<tbody>\n<tr>\n<td width=\"358\">Groeisectoren<\/td>\n<td width=\"433\">Dienstensector, communicatie, verwerkende industrie, toerisme<\/td>\n<\/tr>\n<tr>\n<td width=\"358\">Energiesituatie<\/td>\n<td width=\"433\">Beperkte olie \u2013en gasvoorraden; import van gas is nodig.<\/td>\n<\/tr>\n<tr>\n<td width=\"358\">Human development index<\/td>\n<td width=\"433\">0,740 (2001, 91e plaats)<\/td>\n<\/tr>\n<tr>\n<td width=\"358\">Human poverty index<\/td>\n<td width=\"433\">19,9 % (2001, 37e plaats)<\/td>\n<\/tr>\n<tr>\n<td width=\"358\">Gender-related development index<\/td>\n<td width=\"433\">0,727 (2001, 76e plaats)<\/td>\n<\/tr>\n<tr>\n<td width=\"358\">% inwoners die de leeftijd van 40 niet haalt<\/td>\n<td width=\"433\">4,9 % (2000-2005)<\/td>\n<\/tr>\n<tr>\n<td width=\"358\">Alfabetisering (% 15 jr. en ouder)<\/td>\n<td width=\"433\">61,9 % (v) \u2013 82,3 % (m) (2001)<\/td>\n<\/tr>\n<tr>\n<td width=\"358\">% mensen met toegang tot veilig drinkwater<\/td>\n<td width=\"433\">80 % (2000)<\/td>\n<\/tr>\n<tr>\n<td width=\"358\">% mensen met toegang tot betaalbare essenti\u00eble medicijnen<\/td>\n<td width=\"433\">50-79 % (1999)<\/td>\n<\/tr>\n<tr>\n<td width=\"358\">% kinderen tot 5 jaar met ondergewicht<\/td>\n<td width=\"433\">4% (1995-2001)<\/td>\n<\/tr>\n<\/tbody>\n<\/table>\n<h3 style=\"text-align: center;\"><strong>Binnenlandse politiek<\/strong><\/h3>\n<table width=\"64%\">\n<tbody>\n<tr>\n<td width=\"100%\">&nbsp;<\/td>\n<\/tr>\n<\/tbody>\n<\/table>\n<p>President Ben Ali heeft sinds zijn aantreden in 1987 een aantal hervormingen doorgevoerd die het land een vorm van meerpartijen-democratie gaf. Hervormingen in het kiesstelsel hebben ertoe geleid dat de oppositie inmiddels op gecontroleerde wijze in het parlement is vertegenwoordigd, zij het vooralsnog slechts met 34 van de 182 zetels. Er zijn zes erkende oppositiepartijen die echter geen van alle een nationale aanhang van betekenis hebben. De \u2018Mouvement des D\u00e9mocrates Socialistes\u2019 (MDS) is de grootste.<\/p>\n<p>De econoom Mohamed Ghannouchi is de zittende premier. De verdere modernisering van de economie heeft de hoogste prioriteit. Speciale aandacht in de komende jaren zal uitgaan naar&nbsp; privatisering, het aantrekken van buitenlandse investeringen en het terugdringen van de werkloosheid. Habib Ben Yahia, die korte tijd minister van Defensie was, is thans weer minister van Buitenlandse Zaken, in welke hoedanigheid hij in de jaren \u201890 veel aanzien verwierf. Het land kende korte tijd een minister voor de mensenrechten. In 2003 werd deze functie opgeheven. Hiervoor in de plaats kwam een co\u00f6rdinator voor de mensenrechten die is ondergebracht in het ministerie van Justitie.<\/p>\n<p>In 2004 zijn opnieuw presidentsverkiezingen uitgeschreven. Een grondwetswijziging maakte de weg vrij voor een vierde ambtstermijn van Ben Ali die zich inmiddels verkiesbaar heeft gesteld.<\/p>\n<h3 style=\"text-align: center;\"><strong>Mensenrechten<\/strong><\/h3>\n<table width=\"780\">\n<tbody>\n<tr>\n<td width=\"100%\">De sociaal-economische situatie in Tunesi\u00eb is goed, zeker in vergelijking met andere landen in de regio. Er is een sociaal bestel dat een redelijke mate van zekerheid waarborgt. Wat betreft de burgerlijke vrijheden schiet Tunesi\u00eb nog duidelijk te kort. Vrijheid van meningsuiting, van vereniging en van vergadering liggen aan banden en er is een zekere intolerantie tegenover dissidenten. Een aantal leden van de En-Nahda beweging bevindt zich al sinds de jaren \u201990 in de gevangenis Buitenlandse kranten verschijnen wel in Tunesi\u00eb maar worden regelmatig gecensureerd. In juli 2003 werd in de kieswet het verbod opgenomen via de buitenlandse media voorkeuren uit te spreken voor enige partij of kandidaat.<\/td>\n<\/tr>\n<\/tbody>\n<\/table>\n<h3 style=\"text-align: center;\"><strong>Buitenlands beleid en veiligheidsbeleid<\/strong><\/h3>\n<table width=\"777\">\n<tbody>\n<tr>\n<td width=\"100%\">Tunesi\u00eb is een van de oudste externe partners van de EU en het eerste land dat een Euromediterraan associatieverdrag met de EU sloot. De associatie met de EU, die in <strong>2008<\/strong> een vrijhandelszone moet brengen, is een belangrijke peiler van het Tunesisch buitenlandbeleid.<\/p>\n<p>Men voelt zich in Tunesi\u00eb sterke verbonden met Arabische staten. Deze ori\u00ebntatie vertaalt zich in een actief lidmaatschap van de Arabische Liga waarvan Tunesi\u00eb in 2004 het voorzitterschap overneemt. Tunesi\u00eb bood jarenlang de PLO onderdak na zijn verbanning uit Libanon. Tunesi\u00eb is voorts een pleitbezorger voor regionale samenwerking en integratie. Het heeft zich over de jaren heen ingespannen de Union du Maghreb Arabe (UMA), een samenwerkingsverband van Algerije, Libi\u00eb, Marokko, Mauritani\u00eb en Tunesi\u00eb, tot een succes te maken. Tunesi\u00eb neemt bovendien actief deel aan het \u2018Agadir-proces\u2019, dat een&nbsp; vrijhandelszone moet brengen tussen Tunesi\u00eb, Jordani\u00eb, Marokko en Egypte.<\/p>\n<p>Tunesi\u00eb staat vierkant achter de strijd tegen het internationale terrorisme. Op 11 april 2002 vielen bij een aanslag op een joodse synagoge op het toeristische eiland Djerbah 21 doden, waaronder 16 Duitse toeristen.<\/p>\n<p>Tunesi\u00eb neemt deel aan activiteiten die de NAVO en de OVSE ontplooien voor mediterrane staten. Onder het NAVO Mediterrane Dialoog programma vinden regelmatig consultaties met partners als Tunesi\u00eb plaats en kan Tunesi\u00eb kiezen deel te nemen aan een&nbsp; programma van seminars en opleidingen.<\/td>\n<\/tr>\n<\/tbody>\n<\/table>\n","protected":false},"excerpt":{"rendered":"<p>Gegevens van Tunesi\u00eb Geschiedenis De geschiedenis van Tunesi\u00eb gaat ver terug. Volgens de overlevering werd in 814 v\u00f3\u00f3r de jaartelling de stad Carthago door koningin Dido gesticht. Na in de loop der eeuwen respectievelijk door Phoenici\u00ebrs, Romeinen, Vandalen, Arabieren, Ottomanen en Fransen te zijn bestuurd werd Tunesi\u00eb in 1956 onafhankelijk. \u2026 <a class=\"continue-reading-link\" href=\"https:\/\/afrikatour.nl\/tunesie\/\">Lees verder<\/a><\/p>\n","protected":false},"author":1,"featured_media":0,"parent":0,"menu_order":0,"comment_status":"closed","ping_status":"closed","template":"","meta":{"ngg_post_thumbnail":0,"footnotes":"","_links_to":"","_links_to_target":""},"class_list":["post-13","page","type-page","status-publish","hentry"],"_links":{"self":[{"href":"https:\/\/afrikatour.nl\/tunesie\/wp-json\/wp\/v2\/pages\/13","targetHints":{"allow":["GET"]}}],"collection":[{"href":"https:\/\/afrikatour.nl\/tunesie\/wp-json\/wp\/v2\/pages"}],"about":[{"href":"https:\/\/afrikatour.nl\/tunesie\/wp-json\/wp\/v2\/types\/page"}],"author":[{"embeddable":true,"href":"https:\/\/afrikatour.nl\/tunesie\/wp-json\/wp\/v2\/users\/1"}],"replies":[{"embeddable":true,"href":"https:\/\/afrikatour.nl\/tunesie\/wp-json\/wp\/v2\/comments?post=13"}],"version-history":[{"count":0,"href":"https:\/\/afrikatour.nl\/tunesie\/wp-json\/wp\/v2\/pages\/13\/revisions"}],"wp:attachment":[{"href":"https:\/\/afrikatour.nl\/tunesie\/wp-json\/wp\/v2\/media?parent=13"}],"curies":[{"name":"wp","href":"https:\/\/api.w.org\/{rel}","templated":true}]}}